CRAN Package Check Results for Package sunburstR

Last updated on 2025-04-30 21:53:01 CEST.

Flavor Version Tinstall Tcheck Ttotal Status Flags
r-devel-linux-x86_64-debian-clang 2.1.8 2.78 43.66 46.44 NOTE
r-devel-linux-x86_64-debian-gcc 2.1.8 1.87 31.30 33.17 NOTE
r-devel-linux-x86_64-fedora-clang 2.1.8 74.06 NOTE
r-devel-linux-x86_64-fedora-gcc 2.1.8 82.18 NOTE
r-devel-windows-x86_64 2.1.8 5.00 71.00 76.00 NOTE
r-patched-linux-x86_64 2.1.8 3.04 41.39 44.43 NOTE
r-release-linux-x86_64 2.1.8 2.57 41.54 44.11 NOTE
r-release-macos-arm64 2.1.8 32.00 NOTE
r-release-macos-x86_64 2.1.8 61.00 NOTE
r-release-windows-x86_64 2.1.8 4.00 75.00 79.00 NOTE
r-oldrel-macos-arm64 2.1.8 33.00 NOTE
r-oldrel-macos-x86_64 2.1.8 48.00 NOTE
r-oldrel-windows-x86_64 2.1.8 6.00 79.00 85.00 NOTE

Check Details

Version: 2.1.8
Check: Rd files
Result: NOTE checkRd: (-1) sunburst.Rd:30: Lost braces; missing escapes or markup? 30 | nested d3 JSON hierarchy with `{name:..., children:[];}`. \code{csvdata} | ^ checkRd: (-1) sunburst.Rd:88: Lost braces; missing escapes or markup? 88 | \item{jsondata}{\code{deprecated} use data argument instead; data in nested d3 JSON hierarchy with `{name:..., children:[];}`} | ^ checkRd: (-1) sund2b.Rd:22: Lost braces; missing escapes or markup? 22 | nested d3 JSON hierarchy with `{name:..., children:[];}`. \code{list}, \code{character}, | ^ Flavors: r-devel-linux-x86_64-debian-clang, r-devel-linux-x86_64-debian-gcc, r-devel-linux-x86_64-fedora-clang, r-devel-linux-x86_64-fedora-gcc, r-devel-windows-x86_64, r-patched-linux-x86_64, r-release-linux-x86_64, r-release-macos-arm64, r-release-macos-x86_64, r-release-windows-x86_64, r-oldrel-macos-arm64, r-oldrel-macos-x86_64, r-oldrel-windows-x86_64