CRAN Package Check Results for Package sunburstR

Last updated on 2024-07-20 21:56:17 CEST.

Flavor Version Tinstall Tcheck Ttotal Status Flags
r-devel-linux-x86_64-debian-clang 2.1.8 3.26 54.11 57.37 NOTE
r-devel-linux-x86_64-debian-gcc 2.1.8 2.67 41.54 44.21 NOTE
r-devel-linux-x86_64-fedora-clang 2.1.8 72.63 NOTE
r-devel-linux-x86_64-fedora-gcc 2.1.8 82.30 NOTE
r-devel-windows-x86_64 2.1.8 4.00 67.00 71.00 NOTE
r-patched-linux-x86_64 2.1.8 3.83 52.57 56.40 NOTE
r-release-linux-x86_64 2.1.8 2.34 51.44 53.78 NOTE
r-release-macos-arm64 2.1.8 33.00 NOTE
r-release-macos-x86_64 2.1.8 48.00 NOTE
r-release-windows-x86_64 2.1.8 5.00 65.00 70.00 NOTE
r-oldrel-macos-arm64 2.1.8 33.00 OK
r-oldrel-macos-x86_64 2.1.8 45.00 OK
r-oldrel-windows-x86_64 2.1.8 5.00 73.00 78.00 OK

Check Details

Version: 2.1.8
Check: Rd files
Result: NOTE checkRd: (-1) sunburst.Rd:30: Lost braces; missing escapes or markup? 30 | nested d3 JSON hierarchy with `{name:..., children:[];}`. \code{csvdata} | ^ checkRd: (-1) sunburst.Rd:88: Lost braces; missing escapes or markup? 88 | \item{jsondata}{\code{deprecated} use data argument instead; data in nested d3 JSON hierarchy with `{name:..., children:[];}`} | ^ checkRd: (-1) sund2b.Rd:22: Lost braces; missing escapes or markup? 22 | nested d3 JSON hierarchy with `{name:..., children:[];}`. \code{list}, \code{character}, | ^ Flavors: r-devel-linux-x86_64-debian-clang, r-devel-linux-x86_64-debian-gcc, r-devel-linux-x86_64-fedora-clang, r-devel-linux-x86_64-fedora-gcc, r-devel-windows-x86_64, r-patched-linux-x86_64, r-release-linux-x86_64, r-release-macos-arm64, r-release-macos-x86_64, r-release-windows-x86_64