CRAN Package Check Results for Package supc

Last updated on 2022-09-25 21:55:02 CEST.

Flavor Version Tinstall Tcheck Ttotal Status Flags
r-devel-linux-x86_64-debian-clang 0.2.6.2 38.10 391.14 429.24 OK
r-devel-linux-x86_64-debian-gcc 0.2.6.2 28.47 265.36 293.83 OK
r-devel-linux-x86_64-fedora-clang 0.2.6.2 556.30 OK
r-devel-linux-x86_64-fedora-gcc 0.2.6.2 535.77 OK
r-devel-windows-x86_64 0.2.6.2 44.00 523.00 567.00 OK
r-patched-linux-x86_64 0.2.6.2 32.01 376.45 408.46 OK
r-release-linux-x86_64 0.2.6.2 30.81 382.47 413.28 OK
r-release-macos-arm64 0.2.6.2 132.00 OK
r-release-macos-x86_64 0.2.6.2 202.00 OK
r-release-windows-x86_64 0.2.6.2 43.00 533.00 576.00 OK
r-oldrel-macos-arm64 0.2.6.2 123.00 OK
r-oldrel-macos-x86_64 0.2.6.2 217.00 OK
r-oldrel-windows-ix86+x86_64 0.2.6.2 94.00 632.00 726.00 NOTE

Check Details

Version: 0.2.6.2
Check: installed package size
Result: NOTE
     installed size is 5.5Mb
     sub-directories of 1Mb or more:
     doc 1.4Mb
     libs 2.4Mb
Flavor: r-oldrel-windows-ix86+x86_64