Last updated on 2023-09-26 23:04:27 CEST.
Flavor | Version | Tinstall | Tcheck | Ttotal | Status | Flags |
---|---|---|---|---|---|---|
r-devel-linux-x86_64-debian-clang | 0.2.6.2 | 40.20 | 395.56 | 435.76 | NOTE | |
r-devel-linux-x86_64-debian-gcc | 0.2.6.2 | 26.03 | 258.89 | 284.92 | NOTE | |
r-devel-linux-x86_64-fedora-clang | 0.2.6.2 | 549.31 | NOTE | |||
r-devel-linux-x86_64-fedora-gcc | 0.2.6.2 | 559.97 | NOTE | |||
r-devel-windows-x86_64 | 0.2.6.2 | 26.00 | 408.00 | 434.00 | NOTE | |
r-patched-linux-x86_64 | 0.2.6.2 | 40.54 | 366.24 | 406.78 | NOTE | |
r-release-linux-x86_64 | 0.2.6.2 | 37.62 | 392.07 | 429.69 | NOTE | |
r-release-macos-arm64 | 0.2.6.2 | 143.00 | NOTE | |||
r-release-macos-x86_64 | 0.2.6.2 | 262.00 | NOTE | |||
r-release-windows-x86_64 | 0.2.6.2 | 35.00 | 504.00 | 539.00 | NOTE | |
r-oldrel-macos-arm64 | 0.2.6.2 | 146.00 | OK | |||
r-oldrel-macos-x86_64 | 0.2.6.2 | 202.00 | OK | |||
r-oldrel-windows-x86_64 | 0.2.6.2 | 48.00 | 488.00 | 536.00 | OK |
Version: 0.2.6.2
Check: C++ specification
Result: NOTE
Specified C++11: please drop specification unless essential
Flavors: r-devel-linux-x86_64-debian-clang, r-devel-linux-x86_64-debian-gcc, r-devel-linux-x86_64-fedora-clang, r-devel-linux-x86_64-fedora-gcc, r-devel-windows-x86_64, r-patched-linux-x86_64, r-release-linux-x86_64, r-release-macos-arm64, r-release-macos-x86_64, r-release-windows-x86_64