CRAN Package Check Results for Package superb

Last updated on 2021-12-04 19:53:13 CET.

Flavor Version Tinstall Tcheck Ttotal Status Flags
r-devel-linux-x86_64-debian-clang 0.9.7.7 8.90 267.24 276.14 OK
r-devel-linux-x86_64-debian-gcc 0.9.7.7 7.58 187.28 194.86 OK
r-devel-linux-x86_64-fedora-clang 0.9.7.7 318.15 NOTE
r-devel-linux-x86_64-fedora-gcc 0.9.7.7 301.84 NOTE
r-devel-windows-x86_64-new-UL 0.9.7.7 29.00 361.00 390.00 NOTE
r-devel-windows-x86_64-new-TK 0.9.7.7 NOTE
r-devel-windows-x86_64-old 0.9.7.7 17.00 257.00 274.00 NOTE
r-patched-linux-x86_64 0.9.7.7 10.34 259.45 269.79 OK
r-release-linux-x86_64 0.9.7.7 8.91 257.46 266.37 OK
r-release-macos-arm64 0.9.7.7 NOTE
r-release-macos-x86_64 0.9.7.7 NOTE
r-release-windows-ix86+x86_64 0.9.7.7 24.00 344.00 368.00 NOTE
r-oldrel-macos-x86_64 0.9.7.7 NOTE
r-oldrel-windows-ix86+x86_64 0.9.7.7 22.00 334.00 356.00 NOTE

Check Details

Version: 0.9.7.7
Check: installed package size
Result: NOTE
     installed size is 12.8Mb
     sub-directories of 1Mb or more:
     doc 12.2Mb
Flavors: r-devel-linux-x86_64-fedora-clang, r-devel-windows-x86_64-new-UL, r-devel-windows-x86_64-old, r-release-macos-arm64, r-release-macos-x86_64, r-release-windows-ix86+x86_64, r-oldrel-macos-x86_64, r-oldrel-windows-ix86+x86_64

Version: 0.9.7.7
Check: dependencies in R code
Result: NOTE
    Namespace in Imports field not imported from: ‘psych’
     All declared Imports should be used.
Flavors: r-devel-linux-x86_64-fedora-clang, r-devel-linux-x86_64-fedora-gcc, r-devel-windows-x86_64-new-TK, r-release-macos-arm64, r-release-macos-x86_64, r-oldrel-macos-x86_64