CRAN Package Check Results for Package survAUC

Last updated on 2022-01-18 19:51:26 CET.

Flavor Version Tinstall Tcheck Ttotal Status Flags
r-devel-linux-x86_64-debian-clang 1.0-5 10.14 67.82 77.96 NOTE
r-devel-linux-x86_64-debian-gcc 1.0-5 8.78 53.59 62.37 NOTE
r-devel-linux-x86_64-fedora-clang 1.0-5 97.17 NOTE
r-devel-linux-x86_64-fedora-gcc 1.0-5 86.21 NOTE
r-devel-windows-x86_64-new-UL 1.0-5 47.00 94.00 141.00 NOTE
r-devel-windows-x86_64-new-TK 1.0-5 NOTE
r-patched-linux-x86_64 1.0-5 9.96 67.91 77.87 NOTE
r-release-linux-x86_64 1.0-5 NOTE
r-release-macos-arm64 1.0-5 NOTE
r-release-macos-x86_64 1.0-5 NOTE
r-release-windows-ix86+x86_64 1.0-5 28.00 109.00 137.00 NOTE
r-oldrel-macos-x86_64 1.0-5 NOTE
r-oldrel-windows-ix86+x86_64 1.0-5 27.00 108.00 135.00 NOTE

Check Details

Version: 1.0-5
Check: DESCRIPTION meta-information
Result: NOTE
    Malformed Title field: should not end in a period.
Flavors: r-devel-linux-x86_64-debian-clang, r-devel-linux-x86_64-debian-gcc, r-devel-linux-x86_64-fedora-clang, r-devel-linux-x86_64-fedora-gcc, r-devel-windows-x86_64-new-UL, r-devel-windows-x86_64-new-TK, r-patched-linux-x86_64, r-release-linux-x86_64, r-release-macos-arm64, r-release-macos-x86_64, r-release-windows-ix86+x86_64, r-oldrel-macos-x86_64, r-oldrel-windows-ix86+x86_64

Version: 1.0-5
Check: dependencies in R code
Result: NOTE
    Package in Depends field not imported from: 'survival'
     These packages need to be imported from (in the NAMESPACE file)
     for when this namespace is loaded but not attached.
Flavors: r-devel-linux-x86_64-debian-clang, r-devel-linux-x86_64-debian-gcc, r-devel-linux-x86_64-fedora-clang, r-devel-linux-x86_64-fedora-gcc, r-devel-windows-x86_64-new-UL, r-devel-windows-x86_64-new-TK, r-patched-linux-x86_64, r-release-linux-x86_64, r-release-macos-arm64, r-release-macos-x86_64, r-release-windows-ix86+x86_64, r-oldrel-macos-x86_64, r-oldrel-windows-ix86+x86_64

Version: 1.0-5
Check: R code for possible problems
Result: NOTE
    NB: .First.lib is obsolete and will not be used in R >= 3.0.0
    
    plot.survAUC: no visible global function definition for 'lines'
    plot.survErr: no visible global function definition for 'lines'
    schemper: no visible global function definition for 'predict'
    schemper: no visible global function definition for 'survfit'
    schemper: no visible global function definition for 'approx'
    Undefined global functions or variables:
     approx lines predict survfit
    Consider adding
     importFrom("graphics", "lines")
     importFrom("stats", "approx", "predict")
    to your NAMESPACE file.
Flavors: r-devel-linux-x86_64-debian-clang, r-devel-linux-x86_64-debian-gcc, r-devel-linux-x86_64-fedora-clang, r-devel-linux-x86_64-fedora-gcc, r-devel-windows-x86_64-new-UL, r-devel-windows-x86_64-new-TK, r-patched-linux-x86_64, r-release-linux-x86_64, r-release-macos-arm64, r-release-macos-x86_64, r-release-windows-ix86+x86_64, r-oldrel-macos-x86_64, r-oldrel-windows-ix86+x86_64

Version: 1.0-5
Check: compiled code
Result: NOTE
    File ‘survAUC/libs/survAUC.so’:
     Found no calls to: ‘R_registerRoutines’, ‘R_useDynamicSymbols’
    
    It is good practice to register native routines and to disable symbol
    search.
    
    See ‘Writing portable packages’ in the ‘Writing R Extensions’ manual.
Flavors: r-devel-linux-x86_64-fedora-clang, r-devel-linux-x86_64-fedora-gcc