Last updated on 2022-06-25 21:53:13 CEST.
Flavor | Version | Tinstall | Tcheck | Ttotal | Status | Flags |
---|---|---|---|---|---|---|
r-devel-linux-x86_64-debian-clang | 1.1.2 | 1166.68 | 253.76 | 1420.44 | NOTE | |
r-devel-linux-x86_64-debian-gcc | 1.1.2 | 1073.89 | 234.87 | 1308.76 | NOTE | |
r-devel-linux-x86_64-fedora-clang | 1.1.2 | 2050.33 | NOTE | |||
r-devel-linux-x86_64-fedora-gcc | 1.1.2 | 2184.11 | NOTE | |||
r-devel-windows-x86_64 | 1.1.2 | 750.00 | 354.00 | 1104.00 | NOTE | |
r-patched-linux-x86_64 | 1.1.2 | 956.94 | 306.74 | 1263.68 | NOTE | |
r-release-linux-x86_64 | 1.1.2 | 952.25 | 305.95 | 1258.20 | NOTE | |
r-release-macos-arm64 | 1.1.2 | 493.00 | NOTE | |||
r-release-macos-x86_64 | 1.1.2 | 790.00 | NOTE | |||
r-release-windows-x86_64 | 1.1.2 | 742.00 | 348.00 | 1090.00 | NOTE | |
r-oldrel-macos-arm64 | 1.1.2 | 533.00 | NOTE | |||
r-oldrel-macos-x86_64 | 1.1.2 | 884.00 | NOTE | |||
r-oldrel-windows-ix86+x86_64 | 1.1.2 | 2568.00 | 468.00 | 3036.00 | NOTE |
Version: 1.1.2
Check: package dependencies
Result: NOTE
Package suggested but not available for checking: 'INLA'
Flavors: r-devel-linux-x86_64-debian-clang, r-devel-linux-x86_64-debian-gcc, r-devel-windows-x86_64, r-patched-linux-x86_64, r-release-linux-x86_64, r-release-macos-arm64, r-release-macos-x86_64, r-release-windows-x86_64, r-oldrel-macos-arm64, r-oldrel-macos-x86_64
Version: 1.1.2
Check: for GNU extensions in Makefiles
Result: NOTE
GNU make is a SystemRequirements.
Flavors: r-devel-linux-x86_64-debian-clang, r-devel-linux-x86_64-debian-gcc, r-devel-linux-x86_64-fedora-clang, r-devel-linux-x86_64-fedora-gcc, r-devel-windows-x86_64, r-patched-linux-x86_64, r-release-linux-x86_64, r-release-macos-arm64, r-release-macos-x86_64, r-release-windows-x86_64, r-oldrel-macos-arm64, r-oldrel-macos-x86_64, r-oldrel-windows-ix86+x86_64
Version: 1.1.2
Check: installed package size
Result: NOTE
installed size is 103.3Mb
sub-directories of 1Mb or more:
libs 102.4Mb
Flavors: r-devel-linux-x86_64-fedora-clang, r-devel-windows-x86_64, r-release-macos-arm64, r-release-macos-x86_64, r-release-windows-x86_64, r-oldrel-macos-arm64, r-oldrel-macos-x86_64, r-oldrel-windows-ix86+x86_64