CRAN Package Check Results for Package survHE

Last updated on 2024-07-12 21:50:13 CEST.

Flavor Version Tinstall Tcheck Ttotal Status Flags
r-devel-linux-x86_64-debian-clang 2.0.1 22.62 212.98 235.60 NOTE
r-devel-linux-x86_64-debian-gcc 2.0.1 15.98 153.90 169.88 NOTE
r-devel-linux-x86_64-fedora-clang 2.0.1 295.70 NOTE
r-devel-linux-x86_64-fedora-gcc 2.0.1 268.56 NOTE
r-devel-windows-x86_64 2.0.1 16.00 156.00 172.00 NOTE
r-patched-linux-x86_64 2.0.1 12.56 204.31 216.87 NOTE
r-release-linux-x86_64 2.0.1 12.42 202.69 215.11 NOTE
r-release-macos-arm64 2.0.1 70.00 NOTE
r-release-macos-x86_64 2.0.1 120.00 NOTE
r-release-windows-x86_64 2.0.1 17.00 156.00 173.00 NOTE
r-oldrel-macos-arm64 2.0.1 99.00 NOTE
r-oldrel-macos-x86_64 2.0.1 152.00 NOTE
r-oldrel-windows-x86_64 2.0.1 23.00 247.00 270.00 NOTE

Check Details

Version: 2.0.1
Check: package dependencies
Result: NOTE Packages suggested but not available for checking: 'survHEinla', 'survHEhmc', 'INLA' Flavors: r-devel-linux-x86_64-debian-clang, r-devel-linux-x86_64-debian-gcc, r-patched-linux-x86_64, r-release-linux-x86_64, r-release-macos-arm64, r-release-macos-x86_64, r-oldrel-macos-arm64, r-oldrel-windows-x86_64

Version: 2.0.1
Check: package dependencies
Result: NOTE Packages suggested but not available for checking: 'survHEinla', 'survHEhmc' Flavors: r-devel-linux-x86_64-fedora-clang, r-devel-linux-x86_64-fedora-gcc, r-devel-windows-x86_64, r-release-windows-x86_64

Version: 2.0.1
Check: package dependencies
Result: NOTE Packages suggested but not available for checking: 'survHEinla', 'survHEhmc', 'INLA', 'rstan' Flavor: r-oldrel-macos-x86_64