Last updated on 2022-05-25 21:53:13 CEST.
Flavor | Version | Tinstall | Tcheck | Ttotal | Status | Flags |
---|---|---|---|---|---|---|
r-devel-linux-x86_64-debian-clang | 0.2.0 | 248.43 | 232.25 | 480.68 | NOTE | |
r-devel-linux-x86_64-debian-gcc | 0.2.0 | 219.43 | 193.19 | 412.62 | NOTE | |
r-devel-linux-x86_64-fedora-clang | 0.2.0 | 646.06 | NOTE | |||
r-devel-linux-x86_64-fedora-gcc | 0.2.0 | 648.23 | NOTE | |||
r-devel-windows-x86_64 | 0.2.0 | 180.00 | 314.00 | 494.00 | NOTE | |
r-patched-linux-x86_64 | 0.2.0 | 208.15 | 233.19 | 441.34 | NOTE | |
r-release-linux-x86_64 | 0.2.0 | NOTE | ||||
r-release-macos-arm64 | 0.2.0 | 181.00 | NOTE | |||
r-release-macos-x86_64 | 0.2.0 | 283.00 | NOTE | |||
r-release-windows-x86_64 | 0.2.0 | 180.00 | 302.00 | 482.00 | NOTE | |
r-oldrel-macos-arm64 | 0.2.0 | 173.00 | NOTE | |||
r-oldrel-macos-x86_64 | 0.2.0 | 228.00 | NOTE | |||
r-oldrel-windows-ix86+x86_64 | 0.2.0 | 546.00 | 405.00 | 951.00 | NOTE |
Version: 0.2.0
Check: for GNU extensions in Makefiles
Result: NOTE
GNU make is a SystemRequirements.
Flavors: r-devel-linux-x86_64-debian-clang, r-devel-linux-x86_64-debian-gcc, r-devel-linux-x86_64-fedora-clang, r-devel-linux-x86_64-fedora-gcc, r-devel-windows-x86_64, r-patched-linux-x86_64, r-release-linux-x86_64, r-release-macos-arm64, r-release-macos-x86_64, r-release-windows-x86_64, r-oldrel-macos-arm64, r-oldrel-macos-x86_64, r-oldrel-windows-ix86+x86_64
Version: 0.2.0
Check: installed package size
Result: NOTE
installed size is 33.8Mb
sub-directories of 1Mb or more:
libs 32.5Mb
Flavors: r-devel-linux-x86_64-fedora-clang, r-release-macos-arm64, r-release-macos-x86_64, r-oldrel-macos-arm64, r-oldrel-macos-x86_64, r-oldrel-windows-ix86+x86_64
Version: 0.2.0
Check: dependencies in R code
Result: NOTE
Namespaces in Imports field not imported from:
‘RcppParallel’ ‘rstantools’
All declared Imports should be used.
Flavors: r-devel-linux-x86_64-fedora-clang, r-devel-linux-x86_64-fedora-gcc, r-release-macos-arm64, r-release-macos-x86_64, r-oldrel-macos-arm64, r-oldrel-macos-x86_64