Last updated on 2021-01-16 19:47:24 CET.
Flavor | Version | Tinstall | Tcheck | Ttotal | Status | Flags |
---|---|---|---|---|---|---|
r-devel-linux-x86_64-debian-clang | 3.2-7 | 60.54 | 571.81 | 632.35 | OK | |
r-devel-linux-x86_64-debian-gcc | 3.2-7 | 39.22 | 437.65 | 476.87 | OK | |
r-devel-linux-x86_64-fedora-clang | 3.2-7 | 790.58 | NOTE | |||
r-devel-linux-x86_64-fedora-gcc | 3.2-7 | 778.07 | OK | |||
r-devel-windows-ix86+x86_64 | 3.2-7 | 118.00 | 843.00 | 961.00 | NOTE | |
r-patched-linux-x86_64 | 3.2-7 | 51.58 | 542.32 | 593.90 | OK | |
r-patched-solaris-x86 | 3.2-7 | NOTE | ||||
r-release-linux-x86_64 | 3.2-7 | 50.00 | 546.59 | 596.59 | OK | |
r-release-macos-x86_64 | 3.2-7 | NOTE | ||||
r-release-windows-ix86+x86_64 | 3.2-7 | 130.00 | 849.00 | 979.00 | NOTE | |
r-oldrel-macos-x86_64 | 3.2-7 | NOTE | ||||
r-oldrel-windows-ix86+x86_64 | 3.2-7 | 121.00 | 924.00 | 1045.00 | NOTE |
Version: 3.2-7
Check: installed package size
Result: NOTE
installed size is 9.2Mb
sub-directories of 1Mb or more:
R 1.1Mb
data 3.2Mb
doc 3.4Mb
Flavors: r-devel-linux-x86_64-fedora-clang, r-devel-windows-ix86+x86_64, r-patched-solaris-x86, r-release-macos-x86_64, r-release-windows-ix86+x86_64, r-oldrel-macos-x86_64, r-oldrel-windows-ix86+x86_64