CRAN Package Check Results for Package survivoR

Last updated on 2022-01-18 19:51:26 CET.

Flavor Version Tinstall Tcheck Ttotal Status Flags
r-devel-linux-x86_64-debian-clang 0.9.9 4.55 65.77 70.32 OK
r-devel-linux-x86_64-debian-gcc 0.9.9 5.11 49.47 54.58 OK
r-devel-linux-x86_64-fedora-clang 0.9.9 85.93 NOTE
r-devel-linux-x86_64-fedora-gcc 0.9.9 73.82 NOTE
r-devel-windows-x86_64-new-UL 0.9.9 42.00 86.00 128.00 OK
r-devel-windows-x86_64-new-TK 0.9.9 NOTE
r-patched-linux-x86_64 0.9.9 5.09 61.50 66.59 OK
r-release-linux-x86_64 0.9.9 OK
r-release-macos-arm64 0.9.9 NOTE
r-release-macos-x86_64 0.9.9 WARN --as-cran
r-release-windows-ix86+x86_64 0.9.9 14.00 83.00 97.00 OK
r-oldrel-macos-x86_64 0.9.6 NOTE
r-oldrel-windows-ix86+x86_64 0.9.9 14.00 73.00 87.00 ERROR

Check Details

Version: 0.9.9
Check: data for non-ASCII characters
Result: NOTE
     Note: found 476 marked UTF-8 strings
Flavors: r-devel-linux-x86_64-fedora-clang, r-devel-linux-x86_64-fedora-gcc, r-devel-windows-x86_64-new-TK, r-release-macos-arm64

Version: 0.9.9
Flags: --as-cran
Check: CRAN incoming feasibility
Result: WARN
    Maintainer: ‘Daniel Oehm <danieloehm@gmail.com>’
    
    Insufficient package version (submitted: 0.9.9, existing: 0.9.9)
    
    Days since last update: 1
Flavor: r-release-macos-x86_64

Version: 0.9.9
Flags: --as-cran
Check: top-level files
Result: NOTE
    Files ‘README.md’ or ‘NEWS.md’ cannot be checked without ‘pandoc’ being installed.
Flavor: r-release-macos-x86_64

Version: 0.9.6
Check: data for non-ASCII characters
Result: NOTE
     Note: found 366 marked UTF-8 strings
Flavor: r-oldrel-macos-x86_64

Version: 0.9.9
Check: for unstated dependencies in examples
Result: WARN
    Warning: parse error in file 'lines':
    19: unexpected '>'
    22: library(dplyr)
    23: castaway_details |>
     ^
Flavor: r-oldrel-windows-ix86+x86_64

Version: 0.9.9
Check: examples
Result: ERROR
    Running examples in 'survivoR-Ex.R' failed
    The error most likely occurred in:
    
    > ### Name: castaway_details
    > ### Title: Castaway details
    > ### Aliases: castaway_details
    > ### Keywords: datasets
    >
    > ### ** Examples
    >
    > library(dplyr)
    
    Attaching package: 'dplyr'
    
    The following objects are masked from 'package:stats':
    
     filter, lag
    
    The following objects are masked from 'package:base':
    
     intersect, setdiff, setequal, union
    
    > castaway_details |>
    Error: unexpected '>' in "castaway_details |>"
    Execution halted
Flavor: r-oldrel-windows-ix86+x86_64