CRAN Package Check Results for Package svs

Last updated on 2021-12-05 19:49:42 CET.

Flavor Version Tinstall Tcheck Ttotal Status Flags
r-devel-linux-x86_64-debian-clang 3.0.0 7.38 85.63 93.01 NOTE
r-devel-linux-x86_64-debian-gcc 3.0.0 7.39 69.43 76.82 NOTE
r-devel-linux-x86_64-fedora-clang 3.0.0 116.66 NOTE
r-devel-linux-x86_64-fedora-gcc 3.0.0 105.54 NOTE
r-devel-windows-x86_64-new-UL 3.0.0 17.00 123.00 140.00 NOTE
r-devel-windows-x86_64-new-TK 3.0.0 NOTE
r-devel-windows-x86_64-old 3.0.0 13.00 78.00 91.00 NOTE
r-patched-linux-x86_64 3.0.0 9.41 74.21 83.62 NOTE
r-release-linux-x86_64 3.0.0 9.30 83.93 93.23 NOTE
r-release-macos-arm64 3.0.0 NOTE
r-release-macos-x86_64 3.0.0 NOTE
r-release-windows-ix86+x86_64 3.0.0 20.00 103.00 123.00 NOTE
r-oldrel-macos-x86_64 3.0.0 OK
r-oldrel-windows-ix86+x86_64 3.0.0 18.00 103.00 121.00 OK

Check Details

Version: 3.0.0
Check: LazyData
Result: NOTE
     'LazyData' is specified without a 'data' directory
Flavors: r-devel-linux-x86_64-debian-clang, r-devel-linux-x86_64-debian-gcc, r-devel-linux-x86_64-fedora-clang, r-devel-linux-x86_64-fedora-gcc, r-devel-windows-x86_64-new-UL, r-devel-windows-x86_64-new-TK, r-devel-windows-x86_64-old, r-patched-linux-x86_64, r-release-linux-x86_64, r-release-macos-arm64, r-release-macos-x86_64, r-release-windows-ix86+x86_64