CRAN Package Check Results for Package swagger

Last updated on 2021-06-21 21:51:39 CEST.

Flavor Version Tinstall Tcheck Ttotal Status Flags
r-devel-linux-x86_64-debian-clang 3.33.1 1.85 22.35 24.20 NOTE
r-devel-linux-x86_64-debian-gcc 3.33.1 1.52 17.49 19.01 NOTE
r-devel-linux-x86_64-fedora-clang 3.33.1 39.29 NOTE
r-devel-linux-x86_64-fedora-gcc 3.33.1 28.49 NOTE
r-devel-windows-x86_64 3.33.1 4.00 37.00 41.00 NOTE
r-devel-windows-x86_64-gcc10-UCRT 3.33.1 NOTE
r-patched-linux-x86_64 3.33.1 1.95 21.38 23.33 NOTE
r-patched-solaris-x86 3.33.1 47.10 NOTE
r-release-linux-x86_64 3.33.1 1.77 21.51 23.28 NOTE
r-release-macos-arm64 3.33.1 NOTE
r-release-macos-x86_64 3.33.1 NOTE
r-release-windows-ix86+x86_64 3.33.1 5.00 31.00 36.00 NOTE
r-oldrel-macos-x86_64 3.33.1 OK

Check Details

Version: 3.33.1
Check: LazyData
Result: NOTE
     'LazyData' is specified without a 'data' directory
Flavors: r-devel-linux-x86_64-debian-clang, r-devel-linux-x86_64-debian-gcc, r-devel-linux-x86_64-fedora-clang, r-devel-linux-x86_64-fedora-gcc, r-devel-windows-x86_64, r-devel-windows-x86_64-gcc10-UCRT, r-patched-linux-x86_64, r-patched-solaris-x86, r-release-linux-x86_64, r-release-macos-arm64, r-release-macos-x86_64, r-release-windows-ix86+x86_64

Version: 3.33.1
Check: package dependencies
Result: NOTE
    Package suggested but not available for checking: 'plumber'
Flavor: r-devel-windows-x86_64-gcc10-UCRT