Last updated on 2021-04-17 21:49:12 CEST.
Flavor | Version | Tinstall | Tcheck | Ttotal | Status | Flags |
---|---|---|---|---|---|---|
r-devel-linux-x86_64-debian-clang | 0.9.1 | 26.67 | 51.49 | 78.16 | NOTE | |
r-devel-linux-x86_64-debian-gcc | 0.9.1 | 15.25 | 39.20 | 54.45 | NOTE | |
r-devel-linux-x86_64-fedora-clang | 0.9.1 | 105.38 | NOTE | |||
r-devel-linux-x86_64-fedora-gcc | 0.9.1 | 91.32 | NOTE | |||
r-devel-windows-ix86+x86_64 | 0.9.1 | 54.00 | 94.00 | 148.00 | NOTE | |
r-devel-windows-x86_64-gcc10-UCRT | 0.9.1 | NOTE | ||||
r-patched-linux-x86_64 | 0.9.1 | 19.04 | 48.53 | 67.57 | OK | |
r-patched-solaris-x86 | 0.9.1 | 117.40 | OK | |||
r-release-linux-x86_64 | 0.9.1 | 16.41 | 48.95 | 65.36 | OK | |
r-release-macos-x86_64 | 0.9.1 | OK | ||||
r-release-windows-ix86+x86_64 | 0.9.1 | 53.00 | 99.00 | 152.00 | OK | |
r-oldrel-macos-x86_64 | 0.9.1 | OK | ||||
r-oldrel-windows-ix86+x86_64 | 0.9.1 | 39.00 | 100.00 | 139.00 | OK |
Version: 0.9.1
Check: LazyData
Result: NOTE
'LazyData' is specified without a 'data' directory
Flavors: r-devel-linux-x86_64-debian-clang, r-devel-linux-x86_64-debian-gcc, r-devel-linux-x86_64-fedora-clang, r-devel-linux-x86_64-fedora-gcc, r-devel-windows-ix86+x86_64, r-devel-windows-x86_64-gcc10-UCRT