CRAN Package Check Results for Package symengine

Last updated on 2022-09-30 21:49:11 CEST.

Flavor Version Tinstall Tcheck Ttotal Status Flags
r-devel-linux-x86_64-debian-clang 0.2.1 417.08 135.70 552.78 OK
r-devel-linux-x86_64-debian-gcc 0.2.1 465.71 97.40 563.11 OK
r-devel-linux-x86_64-fedora-clang 0.2.1 952.29 NOTE
r-devel-linux-x86_64-fedora-gcc 0.2.1 975.76 NOTE
r-devel-windows-x86_64 0.2.1 1967.00 232.00 2199.00 NOTE
r-patched-linux-x86_64 0.2.1 480.12 120.02 600.14 OK
r-release-linux-x86_64 0.2.1 485.66 121.46 607.12 OK
r-release-macos-arm64 0.2.1 240.00 NOTE
r-release-macos-x86_64 0.2.1 344.00 NOTE
r-release-windows-x86_64 0.2.1 1285.00 342.00 1627.00 NOTE
r-oldrel-macos-arm64 0.1.6 323.00 NOTE
r-oldrel-macos-x86_64 0.1.6 290.00 NOTE
r-oldrel-windows-ix86+x86_64 0.1.6 66.00 173.00 239.00 NOTE

Check Details

Version: 0.2.1
Check: installed package size
Result: NOTE
     installed size is 6.5Mb
     sub-directories of 1Mb or more:
     libs 5.7Mb
Flavors: r-devel-linux-x86_64-fedora-clang, r-devel-windows-x86_64, r-release-macos-arm64, r-release-macos-x86_64, r-release-windows-x86_64

Version: 0.2.1
Check: for GNU extensions in Makefiles
Result: NOTE
    GNU make is a SystemRequirements.
Flavors: r-devel-linux-x86_64-fedora-clang, r-devel-linux-x86_64-fedora-gcc, r-release-macos-arm64, r-release-macos-x86_64

Version: 0.1.6
Check: installed package size
Result: NOTE
     installed size is 50.3Mb
     sub-directories of 1Mb or more:
     libs 49.4Mb
Flavors: r-oldrel-macos-arm64, r-oldrel-macos-x86_64, r-oldrel-windows-ix86+x86_64

Version: 0.1.6
Check: for GNU extensions in Makefiles
Result: NOTE
    GNU make is a SystemRequirements.
Flavors: r-oldrel-macos-arm64, r-oldrel-macos-x86_64