CRAN Package Check Results for Package synfd

Last updated on 2021-11-29 19:51:47 CET.

Flavor Version Tinstall Tcheck Ttotal Status Flags
r-devel-linux-x86_64-debian-clang 0.1.3 2.67 23.15 25.82 NOTE
r-devel-linux-x86_64-debian-gcc 0.1.3 1.91 18.21 20.12 NOTE
r-devel-linux-x86_64-fedora-clang 0.1.3 45.44 NOTE
r-devel-linux-x86_64-fedora-gcc 0.1.3 32.07 NOTE
r-devel-windows-x86_64-new-UL 0.1.3 8.00 55.00 63.00 NOTE
r-devel-windows-x86_64-new-TK 0.1.3 NOTE
r-devel-windows-x86_64-old 0.1.3 4.00 34.00 38.00 NOTE
r-patched-linux-x86_64 0.1.3 2.65 22.23 24.88 NOTE
r-patched-solaris-x86 0.1.3 46.50 NOTE
r-release-linux-x86_64 0.1.3 2.38 22.26 24.64 NOTE
r-release-macos-arm64 0.1.3 NOTE
r-release-macos-x86_64 0.1.3 NOTE
r-release-windows-ix86+x86_64 0.1.3 6.00 29.00 35.00 NOTE
r-oldrel-macos-x86_64 0.1.3 NOTE
r-oldrel-windows-ix86+x86_64 0.1.3 4.00 39.00 43.00 OK

Check Details

Version: 0.1.3
Check: LazyData
Result: NOTE
     'LazyData' is specified without a 'data' directory
Flavors: r-devel-linux-x86_64-debian-clang, r-devel-linux-x86_64-debian-gcc, r-devel-linux-x86_64-fedora-clang, r-devel-linux-x86_64-fedora-gcc, r-devel-windows-x86_64-new-UL, r-devel-windows-x86_64-new-TK, r-devel-windows-x86_64-old, r-patched-linux-x86_64, r-patched-solaris-x86, r-release-linux-x86_64, r-release-macos-arm64, r-release-macos-x86_64, r-release-windows-ix86+x86_64

Version: 0.1.3
Check: dependencies in R code
Result: NOTE
    Namespace in Imports field not imported from: ‘Rdpack’
     All declared Imports should be used.
Flavors: r-devel-linux-x86_64-fedora-clang, r-devel-linux-x86_64-fedora-gcc, r-devel-windows-x86_64-new-TK, r-patched-solaris-x86, r-release-macos-arm64, r-release-macos-x86_64, r-oldrel-macos-x86_64