CRAN Package Check Results for Package syntaxr

Last updated on 2022-01-23 19:48:44 CET.

Flavor Version Tinstall Tcheck Ttotal Status Flags
r-devel-linux-x86_64-debian-clang 0.8.0 1.71 30.02 31.73 NOTE
r-devel-linux-x86_64-debian-gcc 0.8.0 1.39 25.23 26.62 NOTE
r-devel-linux-x86_64-fedora-clang 0.8.0 41.67 NOTE
r-devel-linux-x86_64-fedora-gcc 0.8.0 28.67 NOTE
r-devel-windows-x86_64-new-UL 0.8.0 27.00 48.00 75.00 NOTE
r-devel-windows-x86_64-new-TK 0.8.0 NOTE
r-patched-linux-x86_64 0.8.0 1.67 28.63 30.30 NOTE
r-release-linux-x86_64 0.8.0 1.34 29.29 30.63 NOTE
r-release-macos-arm64 0.8.0 NOTE
r-release-macos-x86_64 0.8.0 NOTE
r-release-windows-ix86+x86_64 0.8.0 5.00 37.00 42.00 NOTE
r-oldrel-macos-x86_64 0.8.0 OK
r-oldrel-windows-ix86+x86_64 0.8.0 5.00 38.00 43.00 OK

Check Details

Version: 0.8.0
Check: LazyData
Result: NOTE
     'LazyData' is specified without a 'data' directory
Flavors: r-devel-linux-x86_64-debian-clang, r-devel-linux-x86_64-debian-gcc, r-devel-linux-x86_64-fedora-clang, r-devel-linux-x86_64-fedora-gcc, r-devel-windows-x86_64-new-UL, r-devel-windows-x86_64-new-TK, r-patched-linux-x86_64, r-release-linux-x86_64, r-release-macos-arm64, r-release-macos-x86_64, r-release-windows-ix86+x86_64