CRAN Package Check Results for Package sys

Last updated on 2022-11-29 19:54:29 CET.

Flavor Version Tinstall Tcheck Ttotal Status Flags
r-devel-linux-x86_64-debian-clang 3.4.1 2.70 27.04 29.74 OK
r-devel-linux-x86_64-debian-gcc 3.4.1 2.12 21.22 23.34 OK
r-devel-linux-x86_64-fedora-clang 3.4.1 48.51 OK
r-devel-linux-x86_64-fedora-gcc 3.4.1 46.22 OK
r-devel-windows-x86_64 3.4.1 103.00 67.00 170.00 NOTE
r-patched-linux-x86_64 3.4.1 2.58 26.23 28.81 OK
r-release-linux-x86_64 3.4.1 2.97 26.16 29.13 OK
r-release-macos-arm64 3.4.1 36.00 OK
r-release-macos-x86_64 3.4.1 51.00 OK
r-release-windows-x86_64 3.4.1 59.00 69.00 128.00 NOTE
r-oldrel-macos-arm64 3.4.1 40.00 OK
r-oldrel-macos-x86_64 3.4.1 55.00 OK
r-oldrel-windows-ix86+x86_64 3.4.1 14.00 81.00 95.00 NOTE

Check Details

Version: 3.4.1
Check: package dependencies
Result: NOTE
    Package suggested but not available for checking: 'unix'
Flavors: r-devel-windows-x86_64, r-release-windows-x86_64, r-oldrel-windows-ix86+x86_64