CRAN Package Check Results for Package sys

Last updated on 2022-06-25 21:53:13 CEST.

Flavor Version Tinstall Tcheck Ttotal Status Flags
r-devel-linux-x86_64-debian-clang 3.4 2.90 26.25 29.15 NOTE
r-devel-linux-x86_64-debian-gcc 3.4 2.32 20.55 22.87 NOTE
r-devel-linux-x86_64-fedora-clang 3.4 46.73 NOTE
r-devel-linux-x86_64-fedora-gcc 3.4 45.99 NOTE
r-devel-windows-x86_64 3.4 157.00 62.00 219.00 NOTE
r-patched-linux-x86_64 3.4 2.68 25.89 28.57 NOTE
r-release-linux-x86_64 3.4 2.54 26.00 28.54 NOTE
r-release-macos-arm64 3.4 26.00 NOTE
r-release-macos-x86_64 3.4 49.00 NOTE
r-release-windows-x86_64 3.4 116.00 61.00 177.00 NOTE
r-oldrel-macos-arm64 3.4 29.00 NOTE
r-oldrel-macos-x86_64 3.4 39.00 NOTE
r-oldrel-windows-ix86+x86_64 3.4 13.00 77.00 90.00 NOTE

Check Details

Version: 3.4
Check: LazyData
Result: NOTE
     'LazyData' is specified without a 'data' directory
Flavors: r-devel-linux-x86_64-debian-clang, r-devel-linux-x86_64-debian-gcc, r-devel-linux-x86_64-fedora-clang, r-devel-linux-x86_64-fedora-gcc, r-devel-windows-x86_64, r-patched-linux-x86_64, r-release-linux-x86_64, r-release-macos-arm64, r-release-macos-x86_64, r-release-windows-x86_64, r-oldrel-macos-arm64, r-oldrel-macos-x86_64, r-oldrel-windows-ix86+x86_64

Version: 3.4
Check: package dependencies
Result: NOTE
    Package suggested but not available for checking: 'unix'
Flavors: r-devel-windows-x86_64, r-release-windows-x86_64, r-oldrel-windows-ix86+x86_64