CRAN Package Check Results for Package sysid

Last updated on 2024-07-15 21:52:22 CEST.

Flavor Version Tinstall Tcheck Ttotal Status Flags
r-devel-linux-x86_64-debian-clang 1.0.4 8.96 82.49 91.45 NOTE
r-devel-linux-x86_64-debian-gcc 1.0.4 6.89 59.66 66.55 NOTE
r-devel-linux-x86_64-fedora-clang 1.0.4 115.06 NOTE
r-devel-linux-x86_64-fedora-gcc 1.0.4 105.60 NOTE
r-devel-windows-x86_64 1.0.4 10.00 89.00 99.00 OK
r-patched-linux-x86_64 1.0.4 6.34 77.11 83.45 NOTE
r-release-linux-x86_64 1.0.4 8.16 76.87 85.03 NOTE
r-release-macos-arm64 1.0.4 33.00 OK
r-release-macos-x86_64 1.0.4 57.00 OK
r-release-windows-x86_64 1.0.4 10.00 90.00 100.00 OK
r-oldrel-macos-arm64 1.0.4 36.00 OK
r-oldrel-macos-x86_64 1.0.4 52.00 OK
r-oldrel-windows-x86_64 1.0.4 11.00 104.00 115.00 OK

Check Details

Version: 1.0.4
Check: for non-standard things in the check directory
Result: NOTE Found the following files/directories: ‘test.csv’ Flavors: r-devel-linux-x86_64-debian-clang, r-devel-linux-x86_64-debian-gcc, r-devel-linux-x86_64-fedora-clang, r-devel-linux-x86_64-fedora-gcc, r-patched-linux-x86_64, r-release-linux-x86_64