CRAN Package Check Results for Package syslognet

Last updated on 2023-05-29 22:04:34 CEST.

Flavor Version Tinstall Tcheck Ttotal Status Flags
r-devel-linux-x86_64-debian-clang 0.1.2.1 1.44 18.81 20.25 NOTE
r-devel-linux-x86_64-debian-gcc 0.1.2.1 1.50 15.28 16.78 NOTE
r-devel-linux-x86_64-fedora-clang 0.1.2.1 27.32 NOTE
r-devel-linux-x86_64-fedora-gcc 0.1.2.1 25.48 NOTE
r-devel-windows-x86_64 0.1.2.1 2.00 38.00 40.00 NOTE
r-patched-linux-x86_64 0.1.2.1 1.81 18.52 20.33 NOTE
r-release-linux-x86_64 0.1.2.1 1.38 18.56 19.94 NOTE
r-release-macos-arm64 0.1.2.1 16.00 NOTE
r-release-macos-x86_64 0.1.2.1 17.00 NOTE
r-release-windows-x86_64 0.1.2.1 3.00 43.00 46.00 NOTE
r-oldrel-macos-arm64 0.1.2.1 18.00 NOTE
r-oldrel-macos-x86_64 0.1.2.1 19.00 NOTE
r-oldrel-windows-x86_64 0.1.2.1 5.00 45.00 50.00 NOTE

Check Details

Version: 0.1.2.1
Check: LazyData
Result: NOTE
     'LazyData' is specified without a 'data' directory
Flavors: r-devel-linux-x86_64-debian-clang, r-devel-linux-x86_64-debian-gcc, r-devel-linux-x86_64-fedora-clang, r-devel-linux-x86_64-fedora-gcc, r-devel-windows-x86_64, r-patched-linux-x86_64, r-release-linux-x86_64, r-release-macos-arm64, r-release-macos-x86_64, r-release-windows-x86_64, r-oldrel-macos-arm64, r-oldrel-macos-x86_64, r-oldrel-windows-x86_64