Last updated on 2021-03-07 19:49:11 CET.
Flavor | Version | Tinstall | Tcheck | Ttotal | Status | Flags |
---|---|---|---|---|---|---|
r-devel-linux-x86_64-debian-clang | 1.0.1 | 40.39 | 29.36 | 69.75 | OK | |
r-devel-linux-x86_64-debian-gcc | 1.0.1 | 30.82 | 22.79 | 53.61 | OK | |
r-devel-linux-x86_64-fedora-clang | 1.0.1 | 107.16 | OK | |||
r-devel-linux-x86_64-fedora-gcc | 1.0.1 | 95.66 | OK | |||
r-devel-windows-ix86+x86_64 | 1.0.1 | 127.00 | 70.00 | 197.00 | OK | |
r-devel-windows-x86_64-gcc10-UCRT | 1.0.1 | OK | ||||
r-patched-linux-x86_64 | 1.0.1 | 36.48 | 27.94 | 64.42 | OK | |
r-patched-solaris-x86 | 1.0.1 | 105.60 | OK | |||
r-release-linux-x86_64 | 1.0.1 | 47.05 | 28.06 | 75.11 | OK | |
r-release-macos-x86_64 | 1.0.1 | NOTE | ||||
r-release-windows-ix86+x86_64 | 1.0.1 | 130.00 | 63.00 | 193.00 | OK | |
r-oldrel-macos-x86_64 | 1.0.1 | OK | ||||
r-oldrel-windows-ix86+x86_64 | 1.0.1 | 133.00 | 55.00 | 188.00 | OK |
Version: 1.0.1
Check: installed package size
Result: NOTE
installed size is 7.5Mb
sub-directories of 1Mb or more:
libs 7.3Mb
Flavor: r-release-macos-x86_64