CRAN Package Check Results for Package tableschema.r

Last updated on 2024-03-02 19:50:32 CET.

Flavor Version Tinstall Tcheck Ttotal Status Flags
r-devel-linux-x86_64-debian-clang 1.1.2 14.30 86.48 100.78 NOTE
r-devel-linux-x86_64-debian-gcc 1.1.2 11.10 62.19 73.29 NOTE
r-devel-linux-x86_64-fedora-gcc 1.1.2 123.47 NOTE
r-devel-windows-x86_64 1.1.2 13.00 153.00 166.00 OK
r-patched-linux-x86_64 1.1.2 17.26 86.00 103.26 OK
r-release-linux-x86_64 1.1.2 13.97 83.92 97.89 OK
r-release-macos-arm64 1.1.2 112.00 OK
r-release-macos-x86_64 1.1.2 132.00 OK
r-release-windows-x86_64 1.1.2 18.00 146.00 164.00 OK
r-oldrel-macos-arm64 1.1.2 61.00 OK
r-oldrel-windows-x86_64 1.1.2 17.00 163.00 180.00 OK

Check Details

Version: 1.1.2
Check: Rd files
Result: NOTE checkRd: (-1) Field.Rd:69: Lost braces in \itemize; meant \describe ? checkRd: (-1) Field.Rd:70: Lost braces in \itemize; meant \describe ? checkRd: (-1) Field.Rd:71: Lost braces in \itemize; meant \describe ? checkRd: (-1) Field.Rd:72: Lost braces in \itemize; meant \describe ? checkRd: (-1) Field.Rd:77: Lost braces in \itemize; meant \describe ? checkRd: (-1) Field.Rd:78-80: Lost braces in \itemize; meant \describe ? checkRd: (-1) Field.Rd:81: Lost braces in \itemize; meant \describe ? checkRd: (-1) Field.Rd:82: Lost braces in \itemize; meant \describe ? checkRd: (-1) Field.Rd:88: Lost braces in \itemize; meant \describe ? checkRd: (-1) Field.Rd:89: Lost braces in \itemize; meant \describe ? checkRd: (-1) Field.Rd:90: Lost braces in \itemize; meant \describe ? checkRd: (-1) Profile.Rd:32: Lost braces in \itemize; meant \describe ? checkRd: (-1) Profile.Rd:33: Lost braces in \itemize; meant \describe ? checkRd: (-1) Schema.Rd:41: Lost braces in \itemize; meant \describe ? checkRd: (-1) Schema.Rd:42: Lost braces in \itemize; meant \describe ? checkRd: (-1) Schema.Rd:48: Lost braces in \itemize; meant \describe ? checkRd: (-1) Schema.Rd:49: Lost braces in \itemize; meant \describe ? checkRd: (-1) Schema.Rd:50: Lost braces in \itemize; meant \describe ? checkRd: (-1) Schema.Rd:56: Lost braces in \itemize; meant \describe ? checkRd: (-1) Schema.Rd:57: Lost braces in \itemize; meant \describe ? checkRd: (-1) Schema.Rd:58: Lost braces in \itemize; meant \describe ? checkRd: (-1) Schema.Rd:64: Lost braces in \itemize; meant \describe ? checkRd: (-1) Schema.Rd:65: Lost braces in \itemize; meant \describe ? checkRd: (-1) Schema.Rd:71: Lost braces in \itemize; meant \describe ? checkRd: (-1) Schema.Rd:72-76: Lost braces in \itemize; meant \describe ? checkRd: (-1) Schema.Rd:77: Lost braces in \itemize; meant \describe ? checkRd: (-1) Schema.Rd:83: Lost braces in \itemize; meant \describe ? checkRd: (-1) Schema.Rd:84: Lost braces in \itemize; meant \describe ? checkRd: (-1) Schema.Rd:85: Lost braces in \itemize; meant \describe ? checkRd: (-1) Schema.Rd:92: Lost braces in \itemize; meant \describe ? checkRd: (-1) Schema.Rd:93: Lost braces in \itemize; meant \describe ? checkRd: (-1) Schema.Rd:94: Lost braces in \itemize; meant \describe ? checkRd: (-1) Table.Rd:54: Lost braces in \itemize; meant \describe ? checkRd: (-1) Table.Rd:55: Lost braces in \itemize; meant \describe ? checkRd: (-1) Table.Rd:56: Lost braces in \itemize; meant \describe ? checkRd: (-1) Table.Rd:57-58: Lost braces in \itemize; meant \describe ? checkRd: (-1) Table.Rd:59: Lost braces in \itemize; meant \describe ? checkRd: (-1) Table.Rd:66: Lost braces in \itemize; meant \describe ? checkRd: (-1) Table.Rd:67: Lost braces in \itemize; meant \describe ? checkRd: (-1) Table.Rd:68: Lost braces in \itemize; meant \describe ? checkRd: (-1) Table.Rd:69-70: Lost braces in \itemize; meant \describe ? checkRd: (-1) Table.Rd:71: Lost braces in \itemize; meant \describe ? checkRd: (-1) Table.Rd:78: Lost braces in \itemize; meant \describe ? checkRd: (-1) Table.Rd:85: Lost braces in \itemize; meant \describe ? checkRd: (-1) tableschema.r-package.Rd:174: Lost braces 174 | in the resources array of a href{http://frictionlessdata.io/specs/data-package/}{Data Package}. | ^ checkRd: (-1) tableschema.r-package.Rd:174: Lost braces 174 | in the resources array of a href{http://frictionlessdata.io/specs/data-package/}{Data Package}. | ^ checkRd: (-1) types.castDate.Rd:14: Lost braces in \itemize; meant \describe ? checkRd: (-1) types.castDate.Rd:15: Lost braces in \itemize; meant \describe ? checkRd: (-1) types.castDate.Rd:16: Lost braces in \itemize; meant \describe ? Flavors: r-devel-linux-x86_64-debian-clang, r-devel-linux-x86_64-debian-gcc, r-devel-linux-x86_64-fedora-gcc