CRAN Package Check Results for Package tableschema.r

Last updated on 2022-09-30 21:49:11 CEST.

Flavor Version Tinstall Tcheck Ttotal Status Flags
r-devel-linux-x86_64-debian-clang 1.1.2 12.44 82.88 95.32 OK
r-devel-linux-x86_64-debian-gcc 1.1.1 11.03 61.21 72.24 NOTE
r-devel-linux-x86_64-fedora-gcc 1.1.2 130.94 OK
r-devel-windows-x86_64 1.1.1 134.00 147.00 281.00 NOTE
r-patched-linux-x86_64 1.1.1 17.49 81.07 98.56 NOTE
r-release-linux-x86_64 1.1.1 15.43 79.33 94.76 NOTE
r-release-macos-arm64 1.1.2 61.00 OK
r-release-macos-x86_64 1.1.1 78.00 NOTE
r-release-windows-x86_64 1.1.1 93.00 160.00 253.00 NOTE
r-oldrel-macos-arm64 1.1.1 58.00 NOTE
r-oldrel-macos-x86_64 1.1.1 1803.00 NOTE
r-oldrel-windows-ix86+x86_64 1.1.1 24.00 209.00 233.00 NOTE

Check Details

Version: 1.1.1
Check: LazyData
Result: NOTE
     'LazyData' is specified without a 'data' directory
Flavors: r-devel-linux-x86_64-debian-gcc, r-devel-windows-x86_64, r-patched-linux-x86_64, r-release-linux-x86_64, r-release-macos-x86_64, r-release-windows-x86_64, r-oldrel-macos-arm64, r-oldrel-macos-x86_64, r-oldrel-windows-ix86+x86_64

Version: 1.1.1
Check: HTML version of manual
Result: NOTE
    Found the following HTML validation problems:
    ReadableArray.html:67:6: Warning: missing </span> before <p>
    ReadableArray.html:67:97: Warning: inserting implicit <span>
    ReadableArray.html:70:6: Warning: missing </span> before <p>
    ReadableArray.html:70:98: Warning: inserting implicit <span>
    ReadableArray.html:73:6: Warning: missing </span> before <p>
    ReadableArray.html:73:98: Warning: inserting implicit <span>
    ReadableArray.html:76:6: Warning: missing </span> before <p>
    ReadableArray.html:76:97: Warning: inserting implicit <span>
    ReadableArray.html:79:6: Warning: missing </span> before <p>
    ReadableArray.html:79:96: Warning: inserting implicit <span>
    ReadableArray.html:82:6: Warning: missing </span> before <p>
    ReadableArray.html:82:98: Warning: inserting implicit <span>
    ReadableArray.html:85:6: Warning: missing </span> before <p>
    ReadableArray.html:85:101: Warning: inserting implicit <span>
    ReadableArray.html:88:6: Warning: missing </span> before <p>
    ReadableArray.html:88:96: Warning: inserting implicit <span>
    ReadableArray.html:91:6: Warning: missing </span> before <p>
    ReadableArray.html:91:95: Warning: inserting implicit <span>
    ReadableArray.html:94:6: Warning: missing </span> before <p>
    ReadableArray.html:94:94: Warning: inserting implicit <span>
    ReadableArray.html:97:6: Warning: missing </span> before <p>
    ReadableArray.html:97:94: Warning: inserting implicit <span>
    ReadableArray.html:100:6: Warning: missing </span> before <p>
    ReadableArray.html:100:94: Warning: inserting implicit <span>
    ReadableArray.html:103:6: Warning: missing </span> before <p>
    ReadableArray.html:103:96: Warning: inserting implicit <span>
    ReadableArray.html:106:6: Warning: missing </span> before <p>
    ReadableArray.html:106:101: Warning: inserting implicit <span>
    ReadableArray.html:109:6: Warning: missing </span> before <p>
    ReadableArray.html:109:96: Warning: inserting implicit <span>
    ReadableArray.html:112:6: Warning: missing </span> before <p>
    ReadableArray.html:112:97: Warning: inserting implicit <span>
    ReadableConnection.html:67:6: Warning: missing </span> before <p>
    ReadableConnection.html:67:97: Warning: inserting implicit <span>
    ReadableConnection.html:70:6: Warning: missing </span> before <p>
    ReadableConnection.html:70:98: Warning: inserting implicit <span>
    ReadableConnection.html:73:6: Warning: missing </span> before <p>
    ReadableConnection.html:73:98: Warning: inserting implicit <span>
    ReadableConnection.html:76:6: Warning: missing </span> before <p>
    ReadableConnection.html:76:97: Warning: inserting implicit <span>
    ReadableConnection.html:79:6: Warning: missing </span> before <p>
    ReadableConnection.html:79:96: Warning: inserting implicit <span>
    ReadableConnection.html:82:6: Warning: missing </span> before <p>
    ReadableConnection.html:82:98: Warning: inserting implicit <span>
    ReadableConnection.html:85:6: Warning: missing </span> before <p>
    ReadableConnection.html:85:101: Warning: inserting implicit <span>
    ReadableConnection.html:88:6: Warning: missing </span> before <p>
    ReadableConnection.html:88:96: Warning: inserting implicit <span>
    ReadableConnection.html:91:6: Warning: missing </span> before <p>
    ReadableConnection.html:91:95: Warning: inserting implicit <span>
    ReadableConnection.html:94:6: Warning: missing </span> before <p>
    ReadableConnection.html:94:94: Warning: inserting implicit <span>
    ReadableConnection.html:97:6: Warning: missing </span> before <p>
    ReadableConnection.html:97:94: Warning: inserting implicit <span>
    ReadableConnection.html:100:6: Warning: missing </span> before <p>
    ReadableConnection.html:100:94: Warning: inserting implicit <span>
    ReadableConnection.html:103:6: Warning: missing </span> before <p>
    ReadableConnection.html:103:96: Warning: inserting implicit <span>
    ReadableConnection.html:106:6: Warning: missing </span> before <p>
    ReadableConnection.html:106:101: Warning: inserting implicit <span>
    ReadableConnection.html:109:6: Warning: missing </span> before <p>
    ReadableConnection.html:109:96: Warning: inserting implicit <span>
    ReadableConnection.html:112:6: Warning: missing </span> before <p>
    ReadableConnection.html:112:97: Warning: inserting implicit <span>
Flavors: r-devel-linux-x86_64-debian-gcc, r-devel-windows-x86_64

Version: 1.1.1
Check: dependencies in R code
Result: NOTE
    Namespace in Imports field not imported from: ‘iterators’
     All declared Imports should be used.
Flavors: r-release-macos-x86_64, r-oldrel-macos-arm64, r-oldrel-macos-x86_64