CRAN Package Check Results for Package tabularMLC

Last updated on 2024-03-01 19:49:14 CET.

Flavor Version Tinstall Tcheck Ttotal Status Flags
r-devel-linux-x86_64-debian-clang 0.0.3 34.07 29.48 63.55 NOTE
r-devel-linux-x86_64-debian-gcc 0.0.3 25.15 22.61 47.76 NOTE
r-devel-linux-x86_64-fedora-clang 0.0.3 89.04 NOTE
r-devel-linux-x86_64-fedora-gcc 0.0.3 87.72 NOTE
r-devel-windows-x86_64 0.0.3 27.00 67.00 94.00 NOTE
r-patched-linux-x86_64 0.0.3 34.91 28.37 63.28 NOTE
r-release-linux-x86_64 0.0.3 34.69 28.02 62.71 NOTE
r-release-macos-arm64 0.0.3 28.00 NOTE
r-release-macos-x86_64 0.0.3 40.00 NOTE
r-release-windows-x86_64 0.0.3 28.00 71.00 99.00 NOTE
r-oldrel-macos-arm64 0.0.3 31.00 OK
r-oldrel-windows-x86_64 0.0.3 34.00 73.00 107.00 OK

Check Details

Version: 0.0.3
Check: C++ specification
Result: NOTE Specified C++11: please drop specification unless essential Flavors: r-devel-linux-x86_64-debian-clang, r-devel-linux-x86_64-debian-gcc, r-devel-linux-x86_64-fedora-clang, r-devel-linux-x86_64-fedora-gcc, r-devel-windows-x86_64, r-patched-linux-x86_64, r-release-linux-x86_64, r-release-macos-arm64, r-release-macos-x86_64, r-release-windows-x86_64