CRAN Package Check Results for Package tabularmaps

Last updated on 2021-11-28 19:49:08 CET.

Flavor Version Tinstall Tcheck Ttotal Status Flags
r-devel-linux-x86_64-debian-clang 0.1.0 OK
r-devel-linux-x86_64-debian-gcc 0.1.0 3.64 47.13 50.77 OK
r-devel-linux-x86_64-fedora-clang 0.1.0 92.24 NOTE
r-devel-linux-x86_64-fedora-gcc 0.1.0 72.03 NOTE
r-devel-windows-x86_64-new-UL 0.1.0 12.00 98.00 110.00 OK
r-devel-windows-x86_64-new-TK 0.1.0 NOTE
r-devel-windows-x86_64-old 0.1.0 8.00 81.00 89.00 OK
r-patched-linux-x86_64 0.1.0 5.09 52.31 57.40 OK
r-patched-solaris-x86 0.1.0 100.40 NOTE
r-release-linux-x86_64 0.1.0 4.77 52.29 57.06 OK
r-release-macos-arm64 0.1.0 NOTE
r-release-macos-x86_64 0.1.0 NOTE
r-release-windows-ix86+x86_64 0.1.0 16.00 54.00 70.00 OK
r-oldrel-macos-x86_64 0.1.0 NOTE
r-oldrel-windows-ix86+x86_64 0.1.0 14.00 83.00 97.00 OK

Check Details

Version: 0.1.0
Check: data for non-ASCII characters
Result: NOTE
     Note: found 81 marked UTF-8 strings
Flavors: r-devel-linux-x86_64-fedora-clang, r-devel-linux-x86_64-fedora-gcc, r-devel-windows-x86_64-new-TK, r-patched-solaris-x86, r-release-macos-arm64, r-release-macos-x86_64, r-oldrel-macos-x86_64