CRAN Package Check Results for Package tabulog

Last updated on 2022-01-23 19:48:45 CET.

Flavor Version Tinstall Tcheck Ttotal Status Flags
r-devel-linux-x86_64-debian-clang 0.1.1 1.66 33.04 34.70 NOTE
r-devel-linux-x86_64-debian-gcc 0.1.1 1.47 28.16 29.63 NOTE
r-devel-linux-x86_64-fedora-clang 0.1.1 45.99 NOTE
r-devel-linux-x86_64-fedora-gcc 0.1.1 32.44 NOTE
r-devel-windows-x86_64-new-UL 0.1.1 23.00 55.00 78.00 NOTE
r-devel-windows-x86_64-new-TK 0.1.1 NOTE
r-patched-linux-x86_64 0.1.1 2.09 29.20 31.29 NOTE
r-release-linux-x86_64 0.1.1 1.50 29.34 30.84 NOTE
r-release-macos-arm64 0.1.1 NOTE
r-release-macos-x86_64 0.1.1 NOTE
r-release-windows-ix86+x86_64 0.1.1 4.00 39.00 43.00 NOTE
r-oldrel-macos-x86_64 0.1.1 OK
r-oldrel-windows-ix86+x86_64 0.1.1 6.00 41.00 47.00 OK

Check Details

Version: 0.1.1
Check: LazyData
Result: NOTE
     'LazyData' is specified without a 'data' directory
Flavors: r-devel-linux-x86_64-debian-clang, r-devel-linux-x86_64-debian-gcc, r-devel-linux-x86_64-fedora-clang, r-devel-linux-x86_64-fedora-gcc, r-devel-windows-x86_64-new-UL, r-devel-windows-x86_64-new-TK, r-patched-linux-x86_64, r-release-linux-x86_64, r-release-macos-arm64, r-release-macos-x86_64, r-release-windows-ix86+x86_64