CRAN Package Check Results for Package tagcloud

Last updated on 2021-12-07 19:50:00 CET.

Flavor Version Tinstall Tcheck Ttotal Status Flags
r-devel-linux-x86_64-debian-clang 0.6 20.06 54.38 74.44 OK
r-devel-linux-x86_64-debian-gcc 0.6 15.83 42.45 58.28 OK
r-devel-linux-x86_64-fedora-clang 0.6 101.75 NOTE
r-devel-linux-x86_64-fedora-gcc 0.6 87.38 NOTE
r-devel-windows-x86_64-new-UL 0.6 33.00 141.00 174.00 OK
r-devel-windows-x86_64-new-TK 0.6 OK
r-devel-windows-x86_64-old 0.6 33.00 65.00 98.00 OK
r-patched-linux-x86_64 0.6 18.54 41.15 59.69 OK
r-release-linux-x86_64 0.6 18.42 41.64 60.06 OK
r-release-macos-arm64 0.6 OK
r-release-macos-x86_64 0.6 OK
r-release-windows-ix86+x86_64 0.6 44.00 75.00 119.00 OK
r-oldrel-macos-x86_64 0.6 OK
r-oldrel-windows-ix86+x86_64 0.6 60.00 80.00 140.00 OK

Check Details

Version: 0.6
Check: compiled code
Result: NOTE
    File ‘tagcloud/libs/tagcloud.so’:
     Found no calls to: ‘R_registerRoutines’, ‘R_useDynamicSymbols’
    
    It is good practice to register native routines and to disable symbol
    search.
    
    See ‘Writing portable packages’ in the ‘Writing R Extensions’ manual.
Flavors: r-devel-linux-x86_64-fedora-clang, r-devel-linux-x86_64-fedora-gcc