CRAN Package Check Results for Package taipan

Last updated on 2021-12-07 19:50:00 CET.

Flavor Version Tinstall Tcheck Ttotal Status Flags
r-devel-linux-x86_64-debian-clang 0.1.2 3.39 43.86 47.25 NOTE
r-devel-linux-x86_64-debian-gcc 0.1.2 2.79 34.98 37.77 NOTE
r-devel-linux-x86_64-fedora-clang 0.1.2 62.60 NOTE
r-devel-linux-x86_64-fedora-gcc 0.1.2 49.22 NOTE
r-devel-windows-x86_64-new-UL 0.1.2 9.00 79.00 88.00 NOTE
r-devel-windows-x86_64-new-TK 0.1.2 NOTE
r-devel-windows-x86_64-old 0.1.2 8.00 46.00 54.00 NOTE
r-patched-linux-x86_64 0.1.2 3.59 42.85 46.44 NOTE
r-release-linux-x86_64 0.1.2 2.85 43.08 45.93 NOTE
r-release-macos-arm64 0.1.2 NOTE
r-release-macos-x86_64 0.1.2 NOTE
r-release-windows-ix86+x86_64 0.1.2 7.00 56.00 63.00 NOTE
r-oldrel-macos-x86_64 0.1.2 OK
r-oldrel-windows-ix86+x86_64 0.1.2 8.00 62.00 70.00 OK

Check Details

Version: 0.1.2
Check: LazyData
Result: NOTE
     'LazyData' is specified without a 'data' directory
Flavors: r-devel-linux-x86_64-debian-clang, r-devel-linux-x86_64-debian-gcc, r-devel-linux-x86_64-fedora-clang, r-devel-linux-x86_64-fedora-gcc, r-devel-windows-x86_64-new-UL, r-devel-windows-x86_64-new-TK, r-devel-windows-x86_64-old, r-patched-linux-x86_64, r-release-linux-x86_64, r-release-macos-arm64, r-release-macos-x86_64, r-release-windows-ix86+x86_64