CRAN Package Check Results for Package tanaka

Last updated on 2021-11-28 19:49:08 CET.

Flavor Version Tinstall Tcheck Ttotal Status Flags
r-devel-linux-x86_64-debian-clang 0.1.3 NOTE
r-devel-linux-x86_64-debian-gcc 0.1.3 17.53 203.75 221.28 NOTE
r-devel-linux-x86_64-fedora-clang 0.1.3 379.11 NOTE
r-devel-linux-x86_64-fedora-gcc 0.1.3 331.44 NOTE
r-devel-windows-x86_64-new-UL 0.1.3 40.00 272.00 312.00 NOTE
r-devel-windows-x86_64-new-TK 0.1.3 NOTE
r-devel-windows-x86_64-old 0.1.3 26.00 282.00 308.00 NOTE
r-patched-linux-x86_64 0.1.3 22.71 241.36 264.07 NOTE
r-patched-solaris-x86 0.1.3 404.80 NOTE
r-release-linux-x86_64 0.1.3 23.53 241.53 265.06 NOTE
r-release-macos-arm64 0.1.3 NOTE
r-release-macos-x86_64 0.1.3 NOTE
r-release-windows-ix86+x86_64 0.1.3 57.00 193.00 250.00 NOTE
r-oldrel-macos-x86_64 0.1.3 OK
r-oldrel-windows-ix86+x86_64 0.1.3 50.00 288.00 338.00 OK

Check Details

Version: 0.1.3
Check: LazyData
Result: NOTE
     'LazyData' is specified without a 'data' directory
Flavors: r-devel-linux-x86_64-debian-clang, r-devel-linux-x86_64-debian-gcc, r-devel-linux-x86_64-fedora-clang, r-devel-linux-x86_64-fedora-gcc, r-devel-windows-x86_64-new-UL, r-devel-windows-x86_64-new-TK, r-devel-windows-x86_64-old, r-patched-linux-x86_64, r-patched-solaris-x86, r-release-linux-x86_64, r-release-macos-arm64, r-release-macos-x86_64, r-release-windows-ix86+x86_64