CRAN Package Check Results for Package tangles

Last updated on 2021-12-06 19:50:55 CET.

Flavor Version Tinstall Tcheck Ttotal Status Flags
r-devel-linux-x86_64-debian-clang 0.8.1 23.42 236.44 259.86 OK
r-devel-linux-x86_64-debian-gcc 0.8.1 20.08 179.89 199.97 OK
r-devel-linux-x86_64-fedora-clang 0.8.1 319.94 OK
r-devel-linux-x86_64-fedora-gcc 0.8.1 306.79 OK
r-devel-windows-x86_64-new-UL 0.8.1 35.00 256.00 291.00 OK
r-devel-windows-x86_64-new-TK 0.8.1 OK
r-devel-windows-x86_64-old 0.8.1 34.00 181.00 215.00 OK
r-patched-linux-x86_64 0.8.1 20.22 226.86 247.08 OK
r-release-linux-x86_64 0.8.1 23.33 231.96 255.29 OK
r-release-macos-arm64 0.8.1 OK
r-release-macos-x86_64 0.8.1 OK
r-release-windows-ix86+x86_64 0.8.1 52.00 244.00 296.00 WARN
r-oldrel-macos-x86_64 0.8.1 OK
r-oldrel-windows-ix86+x86_64 0.8.1 56.00 265.00 321.00 OK

Additional issues

MKL

Check Details

Version: 0.8.1
Check: re-building of vignette outputs
Result: WARN
    Error(s) in re-building vignettes:
    --- re-building 'deidentification.Rmd' using rmarkdown
    Loading required package: sp
    Warning in `dim<-`(`*tmp*`, value = c(nr, nc)) :
     NAs introduced by coercion to integer range
    Quitting from lines 146-152 (deidentification.Rmd)
    Error: processing vignette 'deidentification.Rmd' failed with diagnostics:
    missing value where TRUE/FALSE needed
    --- failed re-building 'deidentification.Rmd'
    
    SUMMARY: processing the following file failed:
     'deidentification.Rmd'
    
    Error: Vignette re-building failed.
    Execution halted
Flavor: r-release-windows-ix86+x86_64