Last updated on 2021-04-17 21:49:12 CEST.
Flavor | Version | Tinstall | Tcheck | Ttotal | Status | Flags |
---|---|---|---|---|---|---|
r-devel-linux-x86_64-debian-clang | 0.3.4 | 20.43 | 102.50 | 122.93 | OK | |
r-devel-linux-x86_64-debian-gcc | 0.3.4 | 17.90 | 76.09 | 93.99 | OK | |
r-devel-linux-x86_64-fedora-clang | 0.3.4 | 153.66 | NOTE | |||
r-devel-linux-x86_64-fedora-gcc | 0.3.4 | 144.59 | NOTE | |||
r-devel-windows-ix86+x86_64 | 0.3.4 | 39.00 | 133.00 | 172.00 | OK | |
r-devel-windows-x86_64-gcc10-UCRT | 0.3.4 | NOTE | ||||
r-patched-linux-x86_64 | 0.3.4 | 19.82 | 108.09 | 127.91 | OK | |
r-patched-solaris-x86 | 0.3.4 | 210.50 | NOTE | |||
r-release-linux-x86_64 | 0.3.4 | 20.76 | 107.62 | 128.38 | OK | |
r-release-macos-x86_64 | 0.3.4 | NOTE | ||||
r-release-windows-ix86+x86_64 | 0.3.4 | 39.00 | 149.00 | 188.00 | OK | |
r-oldrel-macos-x86_64 | 0.3.4 | NOTE | ||||
r-oldrel-windows-ix86+x86_64 | 0.3.4 | 21.00 | 135.00 | 156.00 | OK |
Version: 0.3.4
Check: dependencies in R code
Result: NOTE
Namespaces in Imports field not imported from:
‘knitr’ ‘lazyeval’ ‘rlang’ ‘tidyr’
All declared Imports should be used.
Flavors: r-devel-linux-x86_64-fedora-clang, r-devel-linux-x86_64-fedora-gcc, r-devel-windows-x86_64-gcc10-UCRT, r-patched-solaris-x86, r-release-macos-x86_64, r-oldrel-macos-x86_64