CRAN Package Check Results for Package tealeaves

Last updated on 2021-11-27 19:49:51 CET.

Flavor Version Tinstall Tcheck Ttotal Status Flags
r-devel-linux-x86_64-debian-clang 1.0.5 OK
r-devel-linux-x86_64-debian-gcc 1.0.5 3.89 49.01 52.90 OK
r-devel-linux-x86_64-fedora-clang 1.0.5 94.06 OK
r-devel-linux-x86_64-fedora-gcc 1.0.5 82.69 OK
r-devel-windows-x86_64-new-UL 1.0.5 13.00 118.00 131.00 OK
r-devel-windows-x86_64-new-TK 1.0.5 FAIL
r-devel-windows-x86_64-old 1.0.5 6.00 101.00 107.00 OK
r-patched-linux-x86_64 1.0.5 5.44 63.67 69.11 OK
r-patched-solaris-x86 1.0.5 104.80 OK
r-release-linux-x86_64 1.0.5 OK
r-release-macos-arm64 1.0.5 OK
r-release-macos-x86_64 1.0.5 OK
r-release-windows-ix86+x86_64 1.0.5 11.00 76.00 87.00 OK
r-oldrel-macos-x86_64 1.0.5 OK
r-oldrel-windows-ix86+x86_64 1.0.5 15.00 95.00 110.00 OK

Check Details

Version: 1.0.5
Check: re-building of vignette outputs
Result: FAIL
Flavor: r-devel-windows-x86_64-new-TK