CRAN Package Check Results for Package teda

Last updated on 2021-12-03 19:50:30 CET.

Flavor Version Tinstall Tcheck Ttotal Status Flags
r-devel-linux-x86_64-debian-clang 0.1.1 1.83 22.07 23.90 NOTE
r-devel-linux-x86_64-debian-gcc 0.1.1 1.52 17.60 19.12 NOTE
r-devel-linux-x86_64-fedora-clang 0.1.1 44.58 NOTE
r-devel-linux-x86_64-fedora-gcc 0.1.1 30.18 NOTE
r-devel-windows-x86_64-new-UL 0.1.1 5.00 57.00 62.00 NOTE
r-devel-windows-x86_64-new-TK 0.1.1 NOTE
r-devel-windows-x86_64-old 0.1.1 3.00 29.00 32.00 NOTE
r-patched-linux-x86_64 0.1.1 2.04 21.03 23.07 NOTE
r-release-linux-x86_64 0.1.1 1.85 21.02 22.87 NOTE
r-release-macos-arm64 0.1.1 NOTE
r-release-macos-x86_64 0.1.1 NOTE
r-release-windows-ix86+x86_64 0.1.1 4.00 38.00 42.00 NOTE
r-oldrel-macos-x86_64 0.1.1 OK
r-oldrel-windows-ix86+x86_64 0.1.1 5.00 39.00 44.00 OK

Check Details

Version: 0.1.1
Check: LazyData
Result: NOTE
     'LazyData' is specified without a 'data' directory
Flavors: r-devel-linux-x86_64-debian-clang, r-devel-linux-x86_64-debian-gcc, r-devel-linux-x86_64-fedora-clang, r-devel-linux-x86_64-fedora-gcc, r-devel-windows-x86_64-new-UL, r-devel-windows-x86_64-new-TK, r-devel-windows-x86_64-old, r-patched-linux-x86_64, r-release-linux-x86_64, r-release-macos-arm64, r-release-macos-x86_64, r-release-windows-ix86+x86_64