CRAN Package Check Results for Package tergm

Last updated on 2022-08-11 21:50:18 CEST.

Flavor Version Tinstall Tcheck Ttotal Status Flags
r-devel-linux-x86_64-debian-clang 4.1.0 25.22 625.73 650.95 OK
r-devel-linux-x86_64-debian-gcc 4.1.0 23.34 460.34 483.68 OK
r-devel-linux-x86_64-fedora-clang 4.1.0 727.76 OK
r-devel-linux-x86_64-fedora-gcc 4.1.0 751.48 OK
r-devel-windows-x86_64 4.1.0 60.00 315.00 375.00 OK --no-vignettes
r-patched-linux-x86_64 4.1.0 84.79 564.69 649.48 WARN
r-release-linux-x86_64 4.1.0 21.81 562.35 584.16 OK
r-release-macos-arm64 4.1.0 169.00 OK
r-release-macos-x86_64 4.1.0 221.00 OK
r-release-windows-x86_64 4.1.0 65.00 318.00 383.00 OK --no-vignettes
r-oldrel-macos-arm64 4.1.0 144.00 OK
r-oldrel-macos-x86_64 4.1.0 222.00 OK
r-oldrel-windows-ix86+x86_64 4.1.0 67.00 544.00 611.00 OK --no-vignettes

Check Details

Version: 4.1.0
Check: whether package can be installed
Result: WARN
    Found the following significant warnings:
     Rd warning: no hsearch.rds meta data for package tergm
Flavor: r-patched-linux-x86_64