CRAN Package Check Results for Package terra

Last updated on 2022-09-30 21:49:11 CEST.

Flavor Version Tinstall Tcheck Ttotal Status Flags
r-devel-linux-x86_64-debian-clang 1.6-17 557.46 365.98 923.44 OK
r-devel-linux-x86_64-debian-gcc 1.6-17 499.87 265.25 765.12 OK
r-devel-linux-x86_64-fedora-clang 1.6-17 1305.31 NOTE
r-devel-linux-x86_64-fedora-gcc 1.6-17 1283.72 OK
r-devel-windows-x86_64 1.6-17 754.00 922.00 1676.00 NOTE
r-patched-linux-x86_64 1.6-17 528.94 353.24 882.18 OK
r-release-linux-x86_64 1.6-17 533.21 349.34 882.55 OK
r-release-macos-arm64 1.6-17 314.00 NOTE
r-release-macos-x86_64 1.6-17 403.00 NOTE
r-release-windows-x86_64 1.6-17 643.00 955.00 1598.00 NOTE
r-oldrel-macos-arm64 1.6-17 288.00 NOTE
r-oldrel-macos-x86_64 1.6-17 404.00 NOTE
r-oldrel-windows-ix86+x86_64 1.6-17 1322.00 913.00 2235.00 NOTE

Check Details

Version: 1.6-17
Check: installed package size
Result: NOTE
     installed size is 8.4Mb
     sub-directories of 1Mb or more:
     R 1.9Mb
     libs 5.4Mb
Flavors: r-devel-linux-x86_64-fedora-clang, r-devel-windows-x86_64, r-release-macos-arm64, r-release-macos-x86_64, r-release-windows-x86_64, r-oldrel-macos-arm64, r-oldrel-macos-x86_64, r-oldrel-windows-ix86+x86_64