CRAN Package Check Results for Package testthat

Last updated on 2021-10-26 20:51:11 CEST.

Flavor Version Tinstall Tcheck Ttotal Status Flags
r-devel-linux-x86_64-debian-clang 3.1.0 45.35 132.50 177.85 OK
r-devel-linux-x86_64-debian-gcc 3.1.0 37.71 97.43 135.14 OK
r-devel-linux-x86_64-fedora-clang 3.1.0 247.24 NOTE
r-devel-linux-x86_64-fedora-gcc 3.1.0 278.80 OK
r-devel-windows-x86_64 3.1.0 66.00 143.00 209.00 OK
r-devel-windows-x86_64-gcc10-UCRT 3.1.0 OK
r-patched-linux-x86_64 3.1.0 48.50 134.04 182.54 OK
r-patched-solaris-x86 3.1.0 197.70 OK
r-release-linux-x86_64 3.1.0 44.97 134.59 179.56 OK
r-release-macos-arm64 3.1.0 NOTE
r-release-macos-x86_64 3.1.0 NOTE
r-release-windows-ix86+x86_64 3.1.0 72.00 176.00 248.00 OK
r-oldrel-macos-x86_64 3.1.0 NOTE
r-oldrel-windows-ix86+x86_64 3.1.0 95.00 204.00 299.00 OK

Check Details

Version: 3.1.0
Check: installed package size
Result: NOTE
     installed size is 6.6Mb
     sub-directories of 1Mb or more:
     libs 4.2Mb
Flavors: r-devel-linux-x86_64-fedora-clang, r-release-macos-arm64, r-release-macos-x86_64, r-oldrel-macos-x86_64