CRAN Package Check Results for Package texor

Last updated on 2024-06-15 22:20:55 CEST.

Flavor Version Tinstall Tcheck Ttotal Status Flags
r-devel-linux-x86_64-debian-clang 1.3.0 4.86 49.82 54.68 NOTE
r-devel-linux-x86_64-debian-gcc 1.3.0 4.29 36.39 40.68 NOTE
r-devel-linux-x86_64-fedora-clang 1.3.0 69.06 NOTE
r-devel-linux-x86_64-fedora-gcc 1.3.0 77.36 NOTE
r-devel-windows-x86_64 1.3.0 7.00 63.00 70.00 NOTE
r-patched-linux-x86_64 1.3.0 6.17 48.58 54.75 NOTE
r-release-linux-x86_64 1.3.0 5.16 47.44 52.60 NOTE
r-release-macos-arm64 1.3.0 29.00 NOTE
r-release-macos-x86_64 1.3.0 45.00 NOTE
r-release-windows-x86_64 1.3.0 7.00 64.00 71.00 NOTE
r-oldrel-macos-arm64 1.3.0 33.00 OK
r-oldrel-macos-x86_64 1.3.0 69.00 OK
r-oldrel-windows-x86_64 1.3.0 9.00 65.00 74.00 OK

Check Details

Version: 1.3.0
Check: Rd files
Result: NOTE checkRd: (-1) patch_table_env.Rd:25: Lost braces 25 | \\renewcommand{\\multicolumnx}[3]{\\multicolumn{#1}{c}{#3}} | ^ checkRd: (-1) patch_table_env.Rd:25: Lost braces 25 | \\renewcommand{\\multicolumnx}[3]{\\multicolumn{#1}{c}{#3}} | ^ checkRd: (-1) patch_table_env.Rd:25: Lost braces 25 | \\renewcommand{\\multicolumnx}[3]{\\multicolumn{#1}{c}{#3}} | ^ checkRd: (-1) patch_table_env.Rd:25: Lost braces 25 | \\renewcommand{\\multicolumnx}[3]{\\multicolumn{#1}{c}{#3}} | ^ checkRd: (-1) patch_table_env.Rd:25: Lost braces 25 | \\renewcommand{\\multicolumnx}[3]{\\multicolumn{#1}{c}{#3}} | ^ Flavors: r-devel-linux-x86_64-debian-clang, r-devel-linux-x86_64-debian-gcc, r-devel-linux-x86_64-fedora-clang, r-devel-linux-x86_64-fedora-gcc, r-devel-windows-x86_64, r-patched-linux-x86_64, r-release-linux-x86_64, r-release-macos-arm64, r-release-macos-x86_64, r-release-windows-x86_64