CRAN Package Check Results for Package textreadr

Last updated on 2021-11-28 19:49:08 CET.

Flavor Version Tinstall Tcheck Ttotal Status Flags
r-devel-linux-x86_64-debian-clang 1.2.0 OK
r-devel-linux-x86_64-debian-gcc 1.2.0 3.21 30.65 33.86 OK
r-devel-linux-x86_64-fedora-clang 1.2.0 67.57 OK
r-devel-linux-x86_64-fedora-gcc 1.2.0 49.51 OK
r-devel-windows-x86_64-new-UL 1.2.0 13.00 83.00 96.00 OK
r-devel-windows-x86_64-new-TK 1.2.0 OK
r-devel-windows-x86_64-old 1.2.0 6.00 58.00 64.00 OK
r-patched-linux-x86_64 1.2.0 4.61 35.87 40.48 OK
r-patched-solaris-x86 1.2.0 77.50 NOTE
r-release-linux-x86_64 1.2.0 3.99 36.44 40.43 OK
r-release-macos-arm64 1.2.0 OK
r-release-macos-x86_64 1.2.0 OK
r-release-windows-ix86+x86_64 1.2.0 10.00 43.00 53.00 OK
r-oldrel-macos-x86_64 1.2.0 OK
r-oldrel-windows-ix86+x86_64 1.2.0 6.00 59.00 65.00 OK

Check Details

Version: 1.2.0
Check: package dependencies
Result: NOTE
    Package suggested but not available for checking: ‘tesseract’
Flavor: r-patched-solaris-x86