Last updated on 2023-02-07 19:58:24 CET.
Flavor | Version | Tinstall | Tcheck | Ttotal | Status | Flags |
---|---|---|---|---|---|---|
r-devel-linux-x86_64-debian-clang | 0.1.5 | 46.31 | 73.30 | 119.61 | NOTE | |
r-devel-linux-x86_64-debian-gcc | 0.1.5 | 34.68 | 55.47 | 90.15 | NOTE | |
r-devel-linux-x86_64-fedora-clang | 0.1.5 | 165.10 | NOTE | |||
r-devel-linux-x86_64-fedora-gcc | 0.1.5 | 163.07 | NOTE | |||
r-devel-windows-x86_64 | 0.1.5 | 91.00 | 133.00 | 224.00 | NOTE | |
r-patched-linux-x86_64 | 0.1.5 | 34.54 | 67.27 | 101.81 | NOTE | |
r-release-linux-x86_64 | 0.1.5 | 31.69 | 70.33 | 102.02 | NOTE | |
r-release-macos-arm64 | 0.1.5 | 46.00 | NOTE | |||
r-release-macos-x86_64 | 0.1.5 | 73.00 | NOTE | |||
r-release-windows-x86_64 | 0.1.5 | 77.00 | 138.00 | 215.00 | NOTE | |
r-oldrel-macos-arm64 | 0.1.5 | 49.00 | NOTE | |||
r-oldrel-macos-x86_64 | 0.1.5 | 80.00 | NOTE | |||
r-oldrel-windows-ix86+x86_64 | 0.1.5 | 104.00 | 134.00 | 238.00 | NOTE |
Version: 0.1.5
Check: LazyData
Result: NOTE
'LazyData' is specified without a 'data' directory
Flavors: r-devel-linux-x86_64-debian-clang, r-devel-linux-x86_64-debian-gcc, r-devel-linux-x86_64-fedora-clang, r-devel-linux-x86_64-fedora-gcc, r-devel-windows-x86_64, r-patched-linux-x86_64, r-release-linux-x86_64, r-release-macos-arm64, r-release-macos-x86_64, r-release-windows-x86_64, r-oldrel-macos-arm64, r-oldrel-macos-x86_64, r-oldrel-windows-ix86+x86_64
Version: 0.1.5
Check: Rd cross-references
Result: NOTE
Undeclared package ‘tm’ in Rd xrefs
Flavor: r-devel-linux-x86_64-fedora-clang
Version: 0.1.5
Check: installed package size
Result: NOTE
installed size is 5.3Mb
sub-directories of 1Mb or more:
extdata 2.9Mb
libs 2.1Mb
Flavor: r-oldrel-windows-ix86+x86_64