CRAN Package Check Results for Package textshaping

Last updated on 2022-05-20 21:53:04 CEST.

Flavor Version Tinstall Tcheck Ttotal Status Flags
r-devel-linux-x86_64-debian-clang 0.3.6 22.32 33.81 56.13 OK
r-devel-linux-x86_64-debian-gcc 0.3.6 16.50 26.08 42.58 OK
r-devel-linux-x86_64-fedora-clang 0.3.6 73.70 OK
r-devel-linux-x86_64-fedora-gcc 0.3.6 64.67 OK
r-devel-windows-x86_64 0.3.6 120.00 66.00 186.00 OK
r-patched-linux-x86_64 0.3.6 19.92 32.06 51.98 OK
r-release-linux-x86_64 0.3.6 19.25 32.88 52.13 OK
r-release-macos-arm64 0.3.6 24.00 NOTE
r-release-macos-x86_64 0.3.6 35.00 NOTE
r-release-windows-x86_64 0.3.6 84.00 67.00 151.00 OK
r-oldrel-macos-arm64 0.3.6 27.00 NOTE
r-oldrel-macos-x86_64 0.3.6 39.00 OK
r-oldrel-windows-ix86+x86_64 0.3.6 54.00 67.00 121.00 OK

Check Details

Version: 0.3.6
Check: installed package size
Result: NOTE
     installed size is 17.3Mb
     sub-directories of 1Mb or more:
     libs 17.2Mb
Flavors: r-release-macos-arm64, r-release-macos-x86_64, r-oldrel-macos-arm64