CRAN Package Check Results for Package textshaping

Last updated on 2023-06-06 22:08:02 CEST.

Flavor Version Tinstall Tcheck Ttotal Status Flags
r-devel-linux-x86_64-debian-clang 0.3.6 19.56 24.92 44.48 NOTE
r-devel-linux-x86_64-debian-gcc 0.3.6 15.88 19.27 35.15 NOTE
r-devel-linux-x86_64-fedora-clang 0.3.6 72.59 NOTE
r-devel-linux-x86_64-fedora-gcc 0.3.6 72.63 NOTE
r-devel-windows-x86_64 0.3.6 22.00 65.00 87.00 NOTE
r-patched-linux-x86_64 0.3.6 17.71 24.02 41.73 NOTE
r-release-linux-x86_64 0.3.6 16.14 23.82 39.96 NOTE
r-release-macos-arm64 0.3.6 35.00 NOTE
r-release-macos-x86_64 0.3.6 48.00 NOTE
r-release-windows-x86_64 0.3.6 26.00 66.00 92.00 NOTE
r-oldrel-macos-arm64 0.3.6 29.00 NOTE
r-oldrel-macos-x86_64 0.3.6 35.00 NOTE
r-oldrel-windows-x86_64 0.3.6 24.00 60.00 84.00 OK

Check Details

Version: 0.3.6
Check: C++ specification
Result: NOTE
     Specified C++11: please drop specification unless essential
Flavors: r-devel-linux-x86_64-debian-clang, r-devel-linux-x86_64-debian-gcc, r-devel-linux-x86_64-fedora-clang, r-devel-linux-x86_64-fedora-gcc, r-devel-windows-x86_64, r-patched-linux-x86_64, r-release-linux-x86_64, r-release-macos-arm64, r-release-macos-x86_64, r-release-windows-x86_64

Version: 0.3.6
Check: installed package size
Result: NOTE
     installed size is 20.5Mb
     sub-directories of 1Mb or more:
     libs 20.3Mb
Flavors: r-release-macos-arm64, r-release-macos-x86_64, r-oldrel-macos-arm64, r-oldrel-macos-x86_64