CRAN Package Check Results for Package tfevents

Last updated on 2024-03-04 19:54:27 CET.

Flavor Version Tinstall Tcheck Ttotal Status Flags
r-devel-linux-x86_64-debian-clang 0.0.2 136.91 72.49 209.40 OK
r-devel-linux-x86_64-debian-gcc 0.0.2 109.34 53.49 162.83 OK
r-devel-linux-x86_64-fedora-clang 0.0.2 308.34 OK
r-devel-linux-x86_64-fedora-gcc 0.0.2 305.54 OK
r-devel-windows-x86_64 0.0.2 130.00 138.00 268.00 OK
r-patched-linux-x86_64 0.0.2 141.08 70.31 211.39 OK
r-release-linux-x86_64 0.0.2 154.20 70.38 224.58 OK
r-release-macos-arm64 0.0.2 82.00 NOTE
r-release-macos-x86_64 0.0.2 144.00 NOTE
r-release-windows-x86_64 0.0.2 157.00 150.00 307.00 OK
r-oldrel-macos-arm64 0.0.2 65.00 NOTE
r-oldrel-windows-x86_64 0.0.2 132.00 140.00 272.00 OK

Check Details

Version: 0.0.2
Check: installed package size
Result: NOTE installed size is 29.3Mb sub-directories of 1Mb or more: libs 29.0Mb Flavors: r-release-macos-arm64, r-release-macos-x86_64, r-oldrel-macos-arm64