CRAN Package Check Results for Package tfplot

Last updated on 2024-07-13 21:44:53 CEST.

Flavor Version Tinstall Tcheck Ttotal Status Flags
r-devel-linux-x86_64-debian-clang 2021.6-1 2.83 33.62 36.45 OK
r-devel-linux-x86_64-debian-gcc 2021.6-1 2.18 25.51 27.69 OK
r-devel-linux-x86_64-fedora-clang 2021.6-1 46.93 OK
r-devel-linux-x86_64-fedora-gcc 2021.6-1 54.59 OK
r-devel-windows-x86_64 2021.6-1 3.00 58.00 61.00 NOTE
r-patched-linux-x86_64 2021.6-1 3.90 32.61 36.51 OK
r-release-linux-x86_64 2021.6-1 2.60 30.97 33.57 OK
r-release-macos-arm64 2021.6-1 24.00 OK
r-release-macos-x86_64 2021.6-1 38.00 OK
r-release-windows-x86_64 2021.6-1 3.00 57.00 60.00 OK
r-oldrel-macos-arm64 2021.6-1 24.00 OK
r-oldrel-macos-x86_64 2021.6-1 34.00 OK
r-oldrel-windows-x86_64 2021.6-1 3.00 55.00 58.00 OK

Check Details

Version: 2021.6-1
Check: Rd cross-references
Result: NOTE Found the following Rd file(s) with Rd \link{} targets missing package anchors: addDate.Rd: tfExpand tfplot.Rd: tfprint, tframe, tframed Please provide package anchors for all Rd \link{} targets not in the package itself and the base packages. Flavor: r-devel-windows-x86_64