CRAN Package Check Results for Package tglkmeans

Last updated on 2024-02-26 19:50:24 CET.

Flavor Version Tinstall Tcheck Ttotal Status Flags
r-devel-linux-x86_64-debian-clang 0.5.4 94.39 163.40 257.79 NOTE
r-devel-linux-x86_64-debian-gcc 0.5.4 70.69 124.24 194.93 NOTE
r-devel-linux-x86_64-fedora-clang 0.5.4 349.38 NOTE
r-devel-linux-x86_64-fedora-gcc 0.5.4 340.14 NOTE
r-patched-linux-x86_64 0.5.4 89.49 142.21 231.70 NOTE
r-release-linux-x86_64 0.5.4 90.19 145.10 235.29 NOTE
r-release-macos-arm64 0.5.4 70.00 NOTE
r-release-macos-x86_64 0.5.4 131.00 NOTE
r-oldrel-macos-arm64 0.5.4 71.00 NOTE

Check Details

Version: 0.5.4
Check: for GNU extensions in Makefiles
Result: NOTE GNU make is a SystemRequirements. Flavors: r-devel-linux-x86_64-debian-clang, r-devel-linux-x86_64-debian-gcc, r-devel-linux-x86_64-fedora-clang, r-devel-linux-x86_64-fedora-gcc, r-patched-linux-x86_64, r-release-linux-x86_64, r-release-macos-arm64, r-release-macos-x86_64, r-oldrel-macos-arm64