Last updated on 2023-01-29 19:54:19 CET.
Flavor | Version | Tinstall | Tcheck | Ttotal | Status | Flags |
---|---|---|---|---|---|---|
r-devel-linux-x86_64-debian-clang | 0.3.5 | 54.95 | 147.31 | 202.26 | OK | |
r-devel-linux-x86_64-debian-gcc | 0.3.5 | 42.56 | 112.17 | 154.73 | NOTE | |
r-devel-linux-x86_64-fedora-clang | 0.3.5 | 271.62 | NOTE | |||
r-devel-linux-x86_64-fedora-gcc | 0.3.5 | 259.60 | NOTE | |||
r-patched-linux-x86_64 | 0.3.5 | 50.03 | 139.66 | 189.69 | OK | |
r-release-linux-x86_64 | 0.3.5 | 47.69 | 144.64 | 192.33 | OK | |
r-release-macos-arm64 | 0.3.5 | 59.00 | OK | |||
r-release-macos-x86_64 | 0.3.5 | 82.00 | OK | |||
r-oldrel-macos-arm64 | 0.3.5 | 63.00 | OK | |||
r-oldrel-macos-x86_64 | 0.3.5 | 83.00 | OK |
Version: 0.3.5
Check: C++ specification
Result: NOTE
Specified C++11: please update to current default of C++17
Flavors: r-devel-linux-x86_64-debian-gcc, r-devel-linux-x86_64-fedora-clang, r-devel-linux-x86_64-fedora-gcc