Last updated on 2023-09-21 21:52:38 CEST.
Flavor | Version | Tinstall | Tcheck | Ttotal | Status | Flags |
---|---|---|---|---|---|---|
r-devel-linux-x86_64-debian-clang | 2.4-21 | 46.29 | 59.84 | 106.13 | OK | --no-vignettes |
r-devel-linux-x86_64-debian-gcc | 2.4-21 | 28.43 | 44.92 | 73.35 | OK | --no-vignettes |
r-devel-linux-x86_64-fedora-clang | 2.4-21 | 151.99 | NOTE | --no-vignettes | ||
r-devel-linux-x86_64-fedora-gcc | 2.4-21 | 129.73 | OK | --no-vignettes | ||
r-devel-windows-x86_64 | 2.4-21 | 44.00 | 73.00 | 117.00 | OK | --no-examples --no-tests --no-vignettes |
r-patched-linux-x86_64 | 2.4-21 | 40.37 | 58.99 | 99.36 | OK | --no-vignettes |
r-release-linux-x86_64 | 2.4-21 | 36.49 | 59.19 | 95.68 | OK | --no-vignettes |
r-release-macos-arm64 | 2.4-21 | 42.00 | NOTE | --no-vignettes | ||
r-release-macos-x86_64 | 2.4-21 | 65.00 | NOTE | --no-vignettes | ||
r-release-windows-x86_64 | 2.4-21 | 52.00 | 71.00 | 123.00 | OK | --no-examples --no-tests --no-vignettes |
r-oldrel-macos-arm64 | 2.4-21 | 48.00 | NOTE | --no-vignettes | ||
r-oldrel-macos-x86_64 | 2.4-21 | 49.00 | OK | --no-vignettes | ||
r-oldrel-windows-x86_64 | 2.4-21 | 46.00 | 68.00 | 114.00 | OK | --no-examples --no-tests --no-vignettes |
Version: 2.4-21
Flags: --no-vignettes
Check: Rd cross-references
Result: NOTE
Undeclared package ‘akima’ in Rd xrefs
Flavor: r-devel-linux-x86_64-fedora-clang
Version: 2.4-21
Flags: --no-vignettes
Check: installed package size
Result: NOTE
installed size is 5.3Mb
sub-directories of 1Mb or more:
doc 2.7Mb
libs 2.1Mb
Flavors: r-release-macos-arm64, r-release-macos-x86_64, r-oldrel-macos-arm64