CRAN Package Check Results for Package tgp

Last updated on 2022-01-17 19:49:51 CET.

Flavor Version Tinstall Tcheck Ttotal Status Flags
r-devel-linux-x86_64-debian-clang 2.4-17 32.66 65.32 97.98 OK --no-vignettes
r-devel-linux-x86_64-debian-gcc 2.4-17 22.26 49.54 71.80 OK --no-vignettes
r-devel-linux-x86_64-fedora-clang 2.4-17 151.52 NOTE --no-vignettes
r-devel-linux-x86_64-fedora-gcc 2.4-17 106.95 OK --no-vignettes
r-devel-windows-x86_64-new-UL 2.4-17 100.00 72.00 172.00 OK --no-examples --no-tests --no-vignettes
r-devel-windows-x86_64-new-TK 2.4-17 OK --no-vignettes
r-patched-linux-x86_64 2.4-17 26.48 63.79 90.27 OK --no-vignettes
r-release-linux-x86_64 2.4-17 OK --no-vignettes
r-release-macos-arm64 2.4-17 NOTE --no-vignettes
r-release-macos-x86_64 2.4-17 OK --no-vignettes
r-release-windows-ix86+x86_64 2.4-17 87.00 75.00 162.00 NOTE --no-examples --no-tests --no-vignettes
r-oldrel-macos-x86_64 2.4-17 OK --no-vignettes
r-oldrel-windows-ix86+x86_64 2.4-17 87.00 76.00 163.00 NOTE --no-examples --no-tests --no-vignettes

Check Details

Version: 2.4-17
Flags: --no-vignettes
Check: Rd cross-references
Result: NOTE
    Undeclared package ‘akima’ in Rd xrefs
Flavor: r-devel-linux-x86_64-fedora-clang

Version: 2.4-17
Flags: --no-vignettes
Check: installed package size
Result: NOTE
     installed size is 5.1Mb
     sub-directories of 1Mb or more:
     doc 2.8Mb
     libs 1.9Mb
Flavor: r-release-macos-arm64

Version: 2.4-17
Flags: --no-examples --no-tests --no-vignettes
Check: installed package size
Result: NOTE
     installed size is 5.4Mb
     sub-directories of 1Mb or more:
     doc 2.8Mb
     libs 2.2Mb
Flavors: r-release-windows-ix86+x86_64, r-oldrel-windows-ix86+x86_64