Last updated on 2023-02-05 19:51:30 CET.
Flavor | Version | Tinstall | Tcheck | Ttotal | Status | Flags |
---|---|---|---|---|---|---|
r-devel-linux-x86_64-debian-clang | 0.4.0 | 7.28 | 39.23 | 46.51 | NOTE | |
r-devel-linux-x86_64-debian-gcc | 0.4.0 | 4.74 | 30.00 | 34.74 | NOTE | |
r-devel-linux-x86_64-fedora-clang | 0.4.0 | 57.38 | NOTE | |||
r-devel-linux-x86_64-fedora-gcc | 0.4.0 | 65.35 | NOTE | |||
r-devel-windows-x86_64 | 0.4.0 | 16.00 | 71.00 | 87.00 | NOTE | |
r-patched-linux-x86_64 | 0.4.0 | 4.80 | 38.93 | 43.73 | NOTE | |
r-release-linux-x86_64 | 0.4.0 | 4.28 | 38.34 | 42.62 | NOTE | |
r-release-macos-arm64 | 0.4.0 | 20.00 | NOTE | |||
r-release-macos-x86_64 | 0.4.0 | 73.00 | NOTE | |||
r-release-windows-x86_64 | 0.4.0 | 16.00 | 72.00 | 88.00 | NOTE | |
r-oldrel-macos-arm64 | 0.4.0 | 23.00 | NOTE | |||
r-oldrel-macos-x86_64 | 0.4.0 | 30.00 | NOTE | |||
r-oldrel-windows-ix86+x86_64 | 0.4.0 | 12.00 | 65.00 | 77.00 | NOTE |
Version: 0.4.0
Check: LazyData
Result: NOTE
'LazyData' is specified without a 'data' directory
Flavors: r-devel-linux-x86_64-debian-clang, r-devel-linux-x86_64-debian-gcc, r-devel-linux-x86_64-fedora-clang, r-devel-linux-x86_64-fedora-gcc, r-devel-windows-x86_64, r-patched-linux-x86_64, r-release-linux-x86_64, r-release-macos-arm64, r-release-macos-x86_64, r-release-windows-x86_64, r-oldrel-macos-arm64, r-oldrel-macos-x86_64, r-oldrel-windows-ix86+x86_64