CRAN Package Check Results for Package this.path

Last updated on 2021-11-29 19:51:47 CET.

Flavor Version Tinstall Tcheck Ttotal Status Flags
r-devel-linux-x86_64-debian-clang 0.4.4 1.96 24.13 26.09 NOTE
r-devel-linux-x86_64-debian-gcc 0.4.4 1.43 18.94 20.37 NOTE
r-devel-linux-x86_64-fedora-clang 0.4.4 46.92 NOTE
r-devel-linux-x86_64-fedora-gcc 0.4.4 32.56 NOTE
r-devel-windows-x86_64-new-UL 0.4.4 5.00 64.00 69.00 NOTE
r-devel-windows-x86_64-new-TK 0.4.4 NOTE
r-devel-windows-x86_64-old 0.4.4 4.00 33.00 37.00 NOTE
r-patched-linux-x86_64 0.4.4 2.31 23.12 25.43 NOTE
r-patched-solaris-x86 0.4.4 49.30 NOTE
r-release-linux-x86_64 0.4.4 2.16 22.75 24.91 NOTE
r-release-macos-arm64 0.4.4 NOTE
r-release-macos-x86_64 0.4.4 NOTE
r-release-windows-ix86+x86_64 0.4.4 5.00 32.00 37.00 NOTE
r-oldrel-macos-x86_64 0.4.4 OK
r-oldrel-windows-ix86+x86_64 0.4.4 6.00 53.00 59.00 OK

Check Details

Version: 0.4.4
Check: LazyData
Result: NOTE
     'LazyData' is specified without a 'data' directory
Flavors: r-devel-linux-x86_64-debian-clang, r-devel-linux-x86_64-debian-gcc, r-devel-linux-x86_64-fedora-clang, r-devel-linux-x86_64-fedora-gcc, r-devel-windows-x86_64-new-UL, r-devel-windows-x86_64-new-TK, r-devel-windows-x86_64-old, r-patched-linux-x86_64, r-patched-solaris-x86, r-release-linux-x86_64, r-release-macos-arm64, r-release-macos-x86_64, r-release-windows-ix86+x86_64