CRAN Package Check Results for Package thor

Last updated on 2021-12-01 19:51:52 CET.

Flavor Version Tinstall Tcheck Ttotal Status Flags
r-devel-linux-x86_64-debian-clang 1.1.2 10.42 35.80 46.22 NOTE
r-devel-linux-x86_64-debian-gcc 1.1.2 8.67 28.53 37.20 NOTE
r-devel-linux-x86_64-fedora-clang 1.1.2 75.69 NOTE
r-devel-linux-x86_64-fedora-gcc 1.1.2 57.10 NOTE
r-devel-windows-x86_64-new-UL 1.1.2 25.00 82.00 107.00 WARN
r-devel-windows-x86_64-new-TK 1.1.2 NOTE
r-devel-windows-x86_64-old 1.1.2 19.00 45.00 64.00 NOTE
r-patched-linux-x86_64 1.1.2 9.98 34.15 44.13 NOTE
r-patched-solaris-x86 1.1.2 76.80 NOTE
r-release-linux-x86_64 1.1.2 8.76 33.70 42.46 NOTE
r-release-macos-arm64 1.1.2 NOTE
r-release-macos-x86_64 1.1.2 NOTE
r-release-windows-ix86+x86_64 1.1.2 29.00 55.00 84.00 NOTE
r-oldrel-macos-x86_64 1.1.2 OK
r-oldrel-windows-ix86+x86_64 1.1.2 23.00 70.00 93.00 OK

Check Details

Version: 1.1.2
Check: LazyData
Result: NOTE
     'LazyData' is specified without a 'data' directory
Flavors: r-devel-linux-x86_64-debian-clang, r-devel-linux-x86_64-debian-gcc, r-devel-linux-x86_64-fedora-clang, r-devel-linux-x86_64-fedora-gcc, r-devel-windows-x86_64-new-UL, r-devel-windows-x86_64-new-TK, r-devel-windows-x86_64-old, r-patched-linux-x86_64, r-patched-solaris-x86, r-release-linux-x86_64, r-release-macos-arm64, r-release-macos-x86_64, r-release-windows-ix86+x86_64

Version: 1.1.2
Check: whether package can be installed
Result: WARN
    Found the following significant warnings:
     lmdb/mdb.c:10787:24: warning: ISO C does not support the 'I' printf flag [-Wformat=]
Flavor: r-devel-windows-x86_64-new-UL