CRAN Package Check Results for Package tidycensus

Last updated on 2021-11-26 20:49:50 CET.

Flavor Version Tinstall Tcheck Ttotal Status Flags
r-devel-linux-x86_64-debian-clang 1.1 13.76 90.96 104.72 OK
r-devel-linux-x86_64-debian-gcc 1.1 11.34 70.32 81.66 OK
r-devel-linux-x86_64-fedora-clang 1.1 138.72 NOTE
r-devel-linux-x86_64-fedora-gcc 1.1 121.45 NOTE
r-devel-windows-x86_64-new-UL 1.1 33.00 170.00 203.00 OK
r-devel-windows-x86_64-new-TK 1.1 NOTE
r-devel-windows-x86_64-old 1.1 21.00 147.00 168.00 OK
r-patched-linux-x86_64 1.1 12.64 85.10 97.74 OK
r-patched-solaris-x86 1.1 193.30 NOTE
r-release-linux-x86_64 1.1 OK
r-release-macos-arm64 1.1 NOTE
r-release-macos-x86_64 1.1 NOTE
r-release-windows-ix86+x86_64 1.1 36.00 107.00 143.00 OK
r-oldrel-macos-x86_64 1.1 NOTE
r-oldrel-windows-ix86+x86_64 1.1 50.00 176.00 226.00 OK

Check Details

Version: 1.1
Check: data for non-ASCII characters
Result: NOTE
     Note: found 2 marked UTF-8 strings
Flavors: r-devel-linux-x86_64-fedora-clang, r-devel-linux-x86_64-fedora-gcc, r-devel-windows-x86_64-new-TK, r-patched-solaris-x86, r-release-macos-arm64, r-release-macos-x86_64, r-oldrel-macos-x86_64