CRAN Package Check Results for Package tidyfst

Last updated on 2025-01-24 19:48:42 CET.

Flavor Version Tinstall Tcheck Ttotal Status Flags
r-devel-linux-x86_64-debian-clang 1.8.1 5.70 109.85 115.55 NOTE
r-devel-linux-x86_64-debian-gcc 1.8.1 3.76 77.83 81.59 NOTE
r-devel-linux-x86_64-fedora-clang 1.8.1 174.12 OK
r-devel-linux-x86_64-fedora-gcc 1.8.1 174.45 OK
r-devel-windows-x86_64 1.8.1 7.00 126.00 133.00 OK
r-patched-linux-x86_64 1.8.1 6.94 95.59 102.53 OK
r-release-linux-x86_64 1.8.1 5.47 96.93 102.40 OK
r-release-macos-arm64 1.8.1 80.00 OK
r-release-macos-x86_64 1.8.1 141.00 OK
r-release-windows-x86_64 1.8.1 7.00 122.00 129.00 OK
r-oldrel-macos-arm64 1.8.1 75.00 OK
r-oldrel-macos-x86_64 1.8.1 135.00 OK
r-oldrel-windows-x86_64 1.8.1 9.00 146.00 155.00 OK

Check Details

Version: 1.8.1
Check: DESCRIPTION meta-information
Result: NOTE Missing dependency on R >= 4.1.0 because package code uses the pipe |> or function shorthand \(...) syntax added in R 4.1.0. File(s) using such syntax: ‘import_fst_chunked.R’ ‘pkg_load.R’ ‘round0.R’ Flavors: r-devel-linux-x86_64-debian-clang, r-devel-linux-x86_64-debian-gcc