CRAN Package Check Results for Package tidygraph

Last updated on 2021-11-27 19:49:52 CET.

Flavor Version Tinstall Tcheck Ttotal Status Flags
r-devel-linux-x86_64-debian-clang 1.2.0 NOTE
r-devel-linux-x86_64-debian-gcc 1.2.0 17.20 67.02 84.22 NOTE
r-devel-linux-x86_64-fedora-clang 1.2.0 162.79 NOTE
r-devel-linux-x86_64-fedora-gcc 1.2.0 139.66 NOTE
r-devel-windows-x86_64-new-UL 1.2.0 53.00 168.00 221.00 NOTE
r-devel-windows-x86_64-new-TK 1.2.0 NOTE
r-devel-windows-x86_64-old 1.2.0 37.00 129.00 166.00 NOTE
r-patched-linux-x86_64 1.2.0 25.87 84.91 110.78 NOTE
r-patched-solaris-x86 1.2.0 186.80 NOTE
r-release-linux-x86_64 1.2.0 NOTE
r-release-macos-arm64 1.2.0 NOTE
r-release-macos-x86_64 1.2.0 NOTE
r-release-windows-ix86+x86_64 1.2.0 63.00 129.00 192.00 NOTE
r-oldrel-macos-x86_64 1.2.0 OK
r-oldrel-windows-ix86+x86_64 1.2.0 68.00 176.00 244.00 OK

Check Details

Version: 1.2.0
Check: LazyData
Result: NOTE
     'LazyData' is specified without a 'data' directory
Flavors: r-devel-linux-x86_64-debian-clang, r-devel-linux-x86_64-debian-gcc, r-devel-linux-x86_64-fedora-clang, r-devel-linux-x86_64-fedora-gcc, r-devel-windows-x86_64-new-UL, r-devel-windows-x86_64-new-TK, r-devel-windows-x86_64-old, r-patched-linux-x86_64, r-patched-solaris-x86, r-release-linux-x86_64, r-release-macos-arm64, r-release-macos-x86_64, r-release-windows-ix86+x86_64