CRAN Package Check Results for Package tidyhydat

Last updated on 2021-12-07 19:50:01 CET.

Flavor Version Tinstall Tcheck Ttotal Status Flags
r-devel-linux-x86_64-debian-clang 0.5.4 7.82 124.88 132.70 OK
r-devel-linux-x86_64-debian-gcc 0.5.4 6.09 93.72 99.81 OK
r-devel-linux-x86_64-fedora-clang 0.5.4 159.17 NOTE
r-devel-linux-x86_64-fedora-gcc 0.5.4 141.71 NOTE
r-devel-windows-x86_64-new-UL 0.5.4 22.00 181.00 203.00 OK
r-devel-windows-x86_64-new-TK 0.5.4 NOTE
r-devel-windows-x86_64-old 0.5.4 14.00 120.00 134.00 OK
r-patched-linux-x86_64 0.5.4 9.97 119.15 129.12 OK
r-release-linux-x86_64 0.5.4 8.58 119.41 127.99 OK
r-release-macos-arm64 0.5.4 NOTE
r-release-macos-x86_64 0.5.4 NOTE
r-release-windows-ix86+x86_64 0.5.4 13.00 156.00 169.00 OK
r-oldrel-macos-x86_64 0.5.4 NOTE
r-oldrel-windows-ix86+x86_64 0.5.4 18.00 157.00 175.00 OK

Check Details

Version: 0.5.4
Check: data for non-ASCII characters
Result: NOTE
     Note: found 122 marked UTF-8 strings
Flavors: r-devel-linux-x86_64-fedora-clang, r-devel-linux-x86_64-fedora-gcc, r-devel-windows-x86_64-new-TK, r-release-macos-arm64, r-release-macos-x86_64, r-oldrel-macos-x86_64