CRAN Package Check Results for Package tidyjson

Last updated on 2024-02-20 19:51:19 CET.

Flavor Version Tinstall Tcheck Ttotal Status Flags
r-devel-linux-x86_64-debian-clang 0.3.2 NOTE
r-devel-linux-x86_64-debian-gcc 0.3.2 5.61 215.17 220.78 NOTE
r-devel-linux-x86_64-fedora-clang 0.3.2 356.37 OK
r-devel-linux-x86_64-fedora-gcc 0.3.2 364.91 OK
r-devel-windows-x86_64 0.3.2 8.00 205.00 213.00 OK
r-patched-linux-x86_64 0.3.2 5.87 287.30 293.17 OK
r-release-linux-x86_64 0.3.2 5.19 286.03 291.22 OK
r-release-macos-arm64 0.3.2 119.00 OK
r-release-macos-x86_64 0.3.2 210.00 OK
r-release-windows-x86_64 0.3.2 11.00 287.00 298.00 OK
r-oldrel-macos-arm64 0.3.2 121.00 OK
r-oldrel-windows-x86_64 0.3.2 11.00 294.00 305.00 OK

Check Details

Version: 0.3.2
Check: Rd files
Result: NOTE checkRd: (-1) json_schema.Rd:33: Lost braces; missing escapes or markup? 33 | \item object -> {"name": <type>} e.g., {"age": 32} -> {"age": "number"} | ^ checkRd: (-1) json_schema.Rd:33: Lost braces; missing escapes or markup? 33 | \item object -> {"name": <type>} e.g., {"age": 32} -> {"age": "number"} | ^ checkRd: (-1) json_schema.Rd:33: Lost braces; missing escapes or markup? 33 | \item object -> {"name": <type>} e.g., {"age": 32} -> {"age": "number"} | ^ Flavors: r-devel-linux-x86_64-debian-clang, r-devel-linux-x86_64-debian-gcc