CRAN Package Check Results for Package tidysq

Last updated on 2021-11-26 20:49:50 CET.

Flavor Version Tinstall Tcheck Ttotal Status Flags
r-devel-linux-x86_64-debian-clang 1.1.2-1 548.12 91.16 639.28 OK
r-devel-linux-x86_64-debian-gcc 1.1.2-1 338.05 69.76 407.81 OK
r-devel-linux-x86_64-fedora-clang 1.1.2-1 1016.44 WARN
r-devel-linux-x86_64-fedora-gcc 1.1.2-1 762.52 OK
r-devel-windows-x86_64-new-UL 1.1.2-1 505.00 196.00 701.00 OK
r-devel-windows-x86_64-new-TK 1.1.2-1 OK
r-devel-windows-x86_64-old 1.1.2-1 427.00 143.00 570.00 OK
r-patched-linux-x86_64 1.1.2-1 335.42 85.86 421.28 OK
r-release-linux-x86_64 1.1.2-1 OK
r-release-macos-arm64 1.1.2-1 NOTE
r-release-macos-x86_64 1.1.2-1 NOTE
r-release-windows-ix86+x86_64 1.1.2-1 956.00 153.00 1109.00 NOTE
r-oldrel-macos-x86_64 1.1.2-1 NOTE
r-oldrel-windows-ix86+x86_64 1.1.2-1 968.00 203.00 1171.00 NOTE

Check Details

Version: 1.1.2-1
Check: whether package can be installed
Result: WARN
    Found the following significant warnings:
     ../inst/include/tidysq/Sequence.h:20:53: warning: 'iterator<std::bidirectional_iterator_tag, unsigned char>' is deprecated [-Wdeprecated-declarations]
Flavor: r-devel-linux-x86_64-fedora-clang

Version: 1.1.2-1
Check: installed package size
Result: NOTE
     installed size is 51.3Mb
     sub-directories of 1Mb or more:
     libs 50.4Mb
Flavors: r-devel-linux-x86_64-fedora-clang, r-release-macos-arm64, r-release-macos-x86_64, r-release-windows-ix86+x86_64, r-oldrel-macos-x86_64, r-oldrel-windows-ix86+x86_64