CRAN Package Check Results for Package tidytransit

Last updated on 2022-01-26 19:50:49 CET.

Flavor Version Tinstall Tcheck Ttotal Status Flags
r-devel-linux-x86_64-debian-clang 1.2.0 10.59 184.60 195.19 OK
r-devel-linux-x86_64-debian-gcc 1.2.0 8.11 128.31 136.42 OK
r-devel-linux-x86_64-fedora-clang 1.2.0 213.85 NOTE
r-devel-linux-x86_64-fedora-gcc 1.2.0 198.15 NOTE
r-devel-windows-x86_64-new-UL 1.2.0 107.00 225.00 332.00 NOTE
r-devel-windows-x86_64-new-TK 1.2.0 NOTE
r-patched-linux-x86_64 1.2.0 9.77 165.68 175.45 OK
r-release-linux-x86_64 1.2.0 8.37 165.21 173.58 OK
r-release-macos-arm64 1.2.0 NOTE
r-release-macos-x86_64 1.2.0 NOTE
r-release-windows-ix86+x86_64 1.2.0 22.00 188.00 210.00 NOTE
r-oldrel-macos-x86_64 1.2.0 NOTE
r-oldrel-windows-ix86+x86_64 1.2.0 23.00 193.00 216.00 NOTE

Check Details

Version: 1.2.0
Check: installed package size
Result: NOTE
     installed size is 6.2Mb
     sub-directories of 1Mb or more:
     doc 1.3Mb
     extdata 4.4Mb
Flavors: r-devel-linux-x86_64-fedora-clang, r-devel-windows-x86_64-new-UL, r-release-macos-arm64, r-release-macos-x86_64, r-release-windows-ix86+x86_64, r-oldrel-macos-x86_64, r-oldrel-windows-ix86+x86_64

Version: 1.2.0
Check: data for non-ASCII characters
Result: NOTE
     Note: found 61 marked UTF-8 strings
Flavors: r-devel-linux-x86_64-fedora-clang, r-devel-linux-x86_64-fedora-gcc, r-devel-windows-x86_64-new-TK, r-release-macos-arm64, r-release-macos-x86_64, r-oldrel-macos-x86_64